CRAN Package Check Results for Package fBonds

Last updated on 2022-08-16 12:53:00 CEST.

Flavor Version Tinstall Tcheck Ttotal Status Flags
r-devel-linux-x86_64-debian-clang 3042.78 6.62 53.30 59.92 NOTE
r-devel-linux-x86_64-debian-gcc 3042.78 4.70 40.11 44.81 NOTE
r-devel-linux-x86_64-fedora-clang 3042.78 80.56 NOTE
r-devel-linux-x86_64-fedora-gcc 3042.78 79.27 NOTE
r-devel-windows-x86_64 3042.78 8.00 72.00 80.00 NOTE
r-patched-linux-x86_64 3042.78 5.32 50.48 55.80 NOTE
r-release-linux-x86_64 3042.78 6.30 51.11 57.41 NOTE
r-release-macos-arm64 3042.78 26.00 NOTE
r-release-macos-x86_64 3042.78 34.00 NOTE
r-release-windows-x86_64 3042.78 14.00 75.00 89.00 NOTE
r-oldrel-macos-arm64 3042.78 33.00 NOTE
r-oldrel-macos-x86_64 3042.78 43.00 NOTE
r-oldrel-windows-ix86+x86_64 3042.78 15.00 73.00 88.00 NOTE

Check Details

Version: 3042.78
Check: LazyData
Result: NOTE
     'LazyData' is specified without a 'data' directory
Flavors: r-devel-linux-x86_64-debian-clang, r-devel-linux-x86_64-debian-gcc, r-devel-linux-x86_64-fedora-clang, r-devel-linux-x86_64-fedora-gcc, r-devel-windows-x86_64, r-patched-linux-x86_64, r-release-linux-x86_64, r-release-macos-arm64, r-release-macos-x86_64, r-release-windows-x86_64, r-oldrel-macos-arm64, r-oldrel-macos-x86_64, r-oldrel-windows-ix86+x86_64