CRAN Package Check Results for Package fBonds

Last updated on 2024-02-28 08:54:27 CET.

Flavor Version Tinstall Tcheck Ttotal Status Flags
r-devel-linux-x86_64-debian-clang 3042.78 5.56 52.16 57.72 NOTE
r-devel-linux-x86_64-debian-gcc 3042.78 4.54 38.70 43.24 NOTE
r-devel-linux-x86_64-fedora-clang 3042.78 71.12 NOTE
r-devel-linux-x86_64-fedora-gcc 3042.78 71.97 NOTE
r-devel-windows-x86_64 3042.78 5.00 54.00 59.00 NOTE
r-patched-linux-x86_64 3042.78 5.84 50.55 56.39 NOTE
r-release-linux-x86_64 3042.78 5.12 50.09 55.21 NOTE
r-release-macos-arm64 3042.78 25.00 NOTE
r-release-macos-x86_64 3042.78 37.00 NOTE
r-release-windows-x86_64 3042.78 7.00 62.00 69.00 NOTE
r-oldrel-macos-arm64 3042.78 27.00 NOTE
r-oldrel-windows-x86_64 3042.78 7.00 67.00 74.00 NOTE

Check Details

Version: 3042.78
Check: LazyData
Result: NOTE 'LazyData' is specified without a 'data' directory Flavors: r-devel-linux-x86_64-debian-clang, r-devel-linux-x86_64-debian-gcc, r-devel-linux-x86_64-fedora-clang, r-devel-linux-x86_64-fedora-gcc, r-devel-windows-x86_64, r-patched-linux-x86_64, r-release-linux-x86_64, r-release-macos-arm64, r-release-macos-x86_64, r-release-windows-x86_64, r-oldrel-macos-arm64, r-oldrel-windows-x86_64