Last updated on 2021-04-16 09:50:01 CEST.
Flavor | Version | Tinstall | Tcheck | Ttotal | Status | Flags |
---|---|---|---|---|---|---|
r-devel-linux-x86_64-debian-clang | 3042.82.1 | 17.08 | 230.84 | 247.92 | NOTE | |
r-devel-linux-x86_64-debian-gcc | 3042.82.1 | 15.80 | 161.83 | 177.63 | NOTE | |
r-devel-linux-x86_64-fedora-clang | 3042.82.1 | 304.07 | NOTE | |||
r-devel-linux-x86_64-fedora-gcc | 3042.82.1 | 290.00 | NOTE | |||
r-devel-windows-ix86+x86_64 | 3042.82.1 | 34.00 | 278.00 | 312.00 | NOTE | |
r-devel-windows-x86_64-gcc10-UCRT | 3042.82.1 | NOTE | ||||
r-patched-linux-x86_64 | 3042.82.1 | 14.65 | 217.27 | 231.92 | OK | |
r-patched-solaris-x86 | 3042.82.1 | 364.50 | OK | |||
r-release-linux-x86_64 | 3042.82.1 | 16.19 | 219.22 | 235.41 | OK | |
r-release-macos-x86_64 | 3042.82.1 | OK | ||||
r-release-windows-ix86+x86_64 | 3042.82.1 | 40.00 | 282.00 | 322.00 | OK | |
r-oldrel-macos-x86_64 | 3042.82.1 | OK | ||||
r-oldrel-windows-ix86+x86_64 | 3042.82.1 | 19.00 | 264.00 | 283.00 | OK |
Version: 3042.82.1
Check: LazyData
Result: NOTE
'LazyData' is specified without a 'data' directory
Flavors: r-devel-linux-x86_64-debian-clang, r-devel-linux-x86_64-debian-gcc, r-devel-linux-x86_64-fedora-clang, r-devel-linux-x86_64-fedora-gcc, r-devel-windows-ix86+x86_64, r-devel-windows-x86_64-gcc10-UCRT