Last updated on 2023-12-02 05:49:53 CET.
Flavor | Version | Tinstall | Tcheck | Ttotal | Status | Flags |
---|---|---|---|---|---|---|
r-devel-linux-x86_64-debian-clang | 4021.86 | 6.79 | 52.14 | 58.93 | NOTE | |
r-devel-linux-x86_64-debian-gcc | 4021.86 | 5.05 | 40.51 | 45.56 | NOTE | |
r-devel-linux-x86_64-fedora-clang | 4021.86 | 74.55 | OK | |||
r-devel-linux-x86_64-fedora-gcc | 4021.86 | 71.59 | OK | |||
r-devel-windows-x86_64 | 4021.86 | 8.00 | 59.00 | 67.00 | OK | |
r-patched-linux-x86_64 | 4021.86 | 6.46 | 50.86 | 57.32 | OK | |
r-release-linux-x86_64 | 4021.86 | 4.33 | 51.28 | 55.61 | OK | |
r-release-macos-arm64 | 4021.86 | 23.00 | OK | |||
r-release-macos-x86_64 | 4021.86 | 38.00 | OK | |||
r-release-windows-x86_64 | 4021.86 | 8.00 | 66.00 | 74.00 | OK | |
r-oldrel-macos-arm64 | 4021.86 | 23.00 | OK | |||
r-oldrel-macos-x86_64 | 4021.86 | 36.00 | OK | |||
r-oldrel-windows-x86_64 | 4021.86 | 10.00 | 70.00 | 80.00 | OK |
Version: 4021.86
Check: Rd files
Result: NOTE
checkRd: (-1) read-links.Rd:72: Lost braces; missing escapes or markup?
72 | \code{\link{read.lines}} which wraps the function {readLines}
| ^
checkRd: (-1) read-lynx.Rd:76: Lost braces; missing escapes or markup?
76 | \code{\link{read.lines}} which wraps the function {readLines}
| ^
checkRd: (-1) read-w3m.Rd:74: Lost braces; missing escapes or markup?
74 | \code{\link{read.lines}} which wraps the function {readLines}
| ^
Flavors: r-devel-linux-x86_64-debian-clang, r-devel-linux-x86_64-debian-gcc