CRAN Package Check Results for Package fPortfolio

Last updated on 2020-06-06 15:48:22 CEST.

Flavor Version Tinstall Tcheck Ttotal Status Flags
r-devel-linux-x86_64-debian-clang 3042.83.1 23.92 146.28 170.20 NOTE
r-devel-linux-x86_64-debian-gcc 3042.83.1 21.78 113.26 135.04 NOTE
r-devel-linux-x86_64-fedora-clang 3042.83.1 214.01 NOTE
r-devel-linux-x86_64-fedora-gcc 3042.83.1 212.14 NOTE
r-devel-windows-ix86+x86_64 3042.83.1 57.00 184.00 241.00 NOTE
r-patched-linux-x86_64 3042.83.1 23.24 146.70 169.94 NOTE
r-patched-solaris-x86 3042.83.1 277.10 NOTE
r-release-linux-x86_64 3042.83.1 25.49 146.70 172.19 NOTE
r-release-osx-x86_64 3042.83.1 NOTE
r-release-windows-ix86+x86_64 3042.83.1 61.00 194.00 255.00 NOTE
r-oldrel-osx-x86_64 3042.83.1 NOTE
r-oldrel-windows-ix86+x86_64 3042.83.1 47.00 129.00 176.00 NOTE

Check Details

Version: 3042.83.1
Check: package dependencies
Result: NOTE
    Packages suggested but not available for checking:
     'Rsocp', 'Rnlminb2', 'Rdonlp2'
Flavors: r-devel-linux-x86_64-debian-clang, r-devel-linux-x86_64-debian-gcc, r-devel-linux-x86_64-fedora-clang, r-devel-linux-x86_64-fedora-gcc, r-devel-windows-ix86+x86_64, r-patched-linux-x86_64, r-release-linux-x86_64, r-release-windows-ix86+x86_64, r-oldrel-windows-ix86+x86_64

Version: 3042.83.1
Check: package dependencies
Result: NOTE
    Packages suggested but not available for checking:
     'Rsocp', 'Rnlminb2', 'Rdonlp2', 'Rsymphony'
Flavors: r-patched-solaris-x86, r-release-osx-x86_64, r-oldrel-osx-x86_64