CRAN Package Check Results for Package fRegression

Last updated on 2022-08-09 21:52:45 CEST.

Flavor Version Tinstall Tcheck Ttotal Status Flags
r-devel-linux-x86_64-debian-clang 3042.82 6.91 72.70 79.61 NOTE
r-devel-linux-x86_64-debian-gcc 3042.82 5.94 55.22 61.16 NOTE
r-devel-linux-x86_64-fedora-clang 3042.82 105.75 NOTE
r-devel-linux-x86_64-fedora-gcc 3042.82 104.30 NOTE
r-devel-windows-x86_64 3042.82 57.00 94.00 151.00 NOTE
r-patched-linux-x86_64 3042.82 8.00 70.18 78.18 NOTE
r-release-linux-x86_64 3042.82 NOTE
r-release-macos-arm64 3042.82 32.00 NOTE
r-release-macos-x86_64 3042.82 41.00 NOTE
r-release-windows-x86_64 3042.82 58.00 95.00 153.00 NOTE
r-oldrel-macos-arm64 3042.82 38.00 NOTE
r-oldrel-macos-x86_64 3042.82 61.00 NOTE
r-oldrel-windows-ix86+x86_64 3042.82 19.00 88.00 107.00 NOTE

Check Details

Version: 3042.82
Check: LazyData
Result: NOTE
     'LazyData' is specified without a 'data' directory
Flavors: r-devel-linux-x86_64-debian-clang, r-devel-linux-x86_64-debian-gcc, r-devel-linux-x86_64-fedora-clang, r-devel-linux-x86_64-fedora-gcc, r-devel-windows-x86_64, r-patched-linux-x86_64, r-release-linux-x86_64, r-release-macos-arm64, r-release-macos-x86_64, r-release-windows-x86_64, r-oldrel-macos-arm64, r-oldrel-macos-x86_64, r-oldrel-windows-ix86+x86_64