CRAN Package Check Results for Package fUnitRoots

Last updated on 2021-04-16 08:48:26 CEST.

Flavor Version Tinstall Tcheck Ttotal Status Flags
r-devel-linux-x86_64-debian-clang 3042.79 7.46 58.66 66.12 NOTE
r-devel-linux-x86_64-debian-gcc 3042.79 5.41 45.21 50.62 NOTE
r-devel-linux-x86_64-fedora-clang 3042.79 85.82 NOTE
r-devel-linux-x86_64-fedora-gcc 3042.79 72.54 NOTE
r-devel-windows-ix86+x86_64 3042.79 19.00 93.00 112.00 NOTE
r-devel-windows-x86_64-gcc10-UCRT 3042.79 NOTE
r-patched-linux-x86_64 3042.79 6.46 56.35 62.81 OK
r-patched-solaris-x86 3042.79 104.50 OK
r-release-linux-x86_64 3042.79 7.25 55.01 62.26 OK
r-release-macos-x86_64 3042.79 OK
r-release-windows-ix86+x86_64 3042.79 15.00 95.00 110.00 OK
r-oldrel-macos-x86_64 3042.79 OK
r-oldrel-windows-ix86+x86_64 3042.79 11.00 86.00 97.00 OK

Check Details

Version: 3042.79
Check: LazyData
Result: NOTE
     'LazyData' is specified without a 'data' directory
Flavors: r-devel-linux-x86_64-debian-clang, r-devel-linux-x86_64-debian-gcc, r-devel-linux-x86_64-fedora-clang, r-devel-linux-x86_64-fedora-gcc, r-devel-windows-ix86+x86_64, r-devel-windows-x86_64-gcc10-UCRT

Version: 3042.79
Check: compiled code
Result: NOTE
    File ‘fUnitRoots/libs/fUnitRoots.so’:
     Found no calls to: ‘R_registerRoutines’, ‘R_useDynamicSymbols’
    
    It is good practice to register native routines and to disable symbol
    search.
    
    See ‘Writing portable packages’ in the ‘Writing R Extensions’ manual.
Flavors: r-devel-linux-x86_64-fedora-clang, r-devel-linux-x86_64-fedora-gcc