Last updated on 2022-08-07 19:55:08 CEST.
Flavor | Version | Tinstall | Tcheck | Ttotal | Status | Flags |
---|---|---|---|---|---|---|
r-devel-linux-x86_64-debian-clang | 1.0.1 | 105.90 | 103.38 | 209.28 | OK | |
r-devel-linux-x86_64-debian-gcc | 1.0.1 | 91.27 | 76.33 | 167.60 | OK | |
r-devel-linux-x86_64-fedora-clang | 1.0.1 | 306.16 | NOTE | |||
r-devel-linux-x86_64-fedora-gcc | 1.0.1 | 288.54 | OK | |||
r-devel-windows-x86_64 | 1.0.1 | 166.00 | 173.00 | 339.00 | OK | |
r-patched-linux-x86_64 | 1.0.1 | 91.50 | 98.42 | 189.92 | OK | |
r-release-linux-x86_64 | 1.0.1 | 103.60 | 97.11 | 200.71 | OK | |
r-release-macos-arm64 | 1.0.1 | 71.00 | NOTE | |||
r-release-macos-x86_64 | 1.0.1 | 86.00 | NOTE | |||
r-release-windows-x86_64 | 1.0.1 | 185.00 | 173.00 | 358.00 | OK | |
r-oldrel-macos-arm64 | 1.0.1 | 70.00 | NOTE | |||
r-oldrel-macos-x86_64 | 1.0.1 | 102.00 | NOTE | |||
r-oldrel-windows-ix86+x86_64 | 1.0.1 | 253.00 | 182.00 | 435.00 | NOTE |
Version: 1.0.1
Check: installed package size
Result: NOTE
installed size is 6.4Mb
sub-directories of 1Mb or more:
doc 2.5Mb
libs 3.5Mb
Flavors: r-devel-linux-x86_64-fedora-clang, r-release-macos-arm64, r-release-macos-x86_64, r-oldrel-macos-arm64, r-oldrel-macos-x86_64, r-oldrel-windows-ix86+x86_64