CRAN Package Check Results for Package fad

Last updated on 2022-08-10 16:49:57 CEST.

Flavor Version Tinstall Tcheck Ttotal Status Flags
r-devel-linux-x86_64-debian-clang 0.9-1 64.27 93.82 158.09 OK
r-devel-linux-x86_64-debian-gcc 0.9-1 56.82 73.17 129.99 OK
r-devel-linux-x86_64-fedora-clang 0.9-1 236.15 NOTE
r-devel-linux-x86_64-fedora-gcc 0.9-1 217.27 OK
r-devel-windows-x86_64 0.9-1 60.00 161.00 221.00 OK
r-patched-linux-x86_64 0.9-1 59.76 92.00 151.76 OK
r-release-linux-x86_64 0.9-1 OK
r-release-macos-arm64 0.9-1 74.00 NOTE
r-release-macos-x86_64 0.9-1 90.00 NOTE
r-release-windows-x86_64 0.9-1 55.00 162.00 217.00 OK
r-oldrel-macos-arm64 0.9-1 64.00 NOTE
r-oldrel-macos-x86_64 0.9-1 78.00 NOTE
r-oldrel-windows-ix86+x86_64 0.9-1 162.00 146.00 308.00 OK

Check Details

Version: 0.9-1
Check: installed package size
Result: NOTE
     installed size is 7.2Mb
     sub-directories of 1Mb or more:
     libs 6.8Mb
Flavors: r-devel-linux-x86_64-fedora-clang, r-release-macos-arm64, r-release-macos-x86_64, r-oldrel-macos-arm64, r-oldrel-macos-x86_64