CRAN Package Check Results for Package fancycut

Last updated on 2022-01-26 04:52:38 CET.

Flavor Version Tinstall Tcheck Ttotal Status Flags
r-devel-linux-x86_64-debian-clang 0.1.2 1.84 29.83 31.67 NOTE
r-devel-linux-x86_64-debian-gcc 0.1.2 1.57 23.62 25.19 NOTE
r-devel-linux-x86_64-fedora-clang 0.1.2 39.77 NOTE
r-devel-linux-x86_64-fedora-gcc 0.1.2 28.21 NOTE
r-devel-windows-x86_64-new-UL 0.1.2 23.00 49.00 72.00 NOTE
r-devel-windows-x86_64-new-TK 0.1.2 NOTE
r-patched-linux-x86_64 0.1.2 1.79 28.35 30.14 NOTE
r-release-linux-x86_64 0.1.2 1.57 28.38 29.95 NOTE
r-release-macos-arm64 0.1.2 NOTE
r-release-macos-x86_64 0.1.2 NOTE
r-release-windows-ix86+x86_64 0.1.2 4.00 38.00 42.00 NOTE
r-oldrel-macos-x86_64 0.1.2 OK
r-oldrel-windows-ix86+x86_64 0.1.2 4.00 37.00 41.00 OK

Check Details

Version: 0.1.2
Check: LazyData
Result: NOTE
     'LazyData' is specified without a 'data' directory
Flavors: r-devel-linux-x86_64-debian-clang, r-devel-linux-x86_64-debian-gcc, r-devel-linux-x86_64-fedora-clang, r-devel-linux-x86_64-fedora-gcc, r-devel-windows-x86_64-new-UL, r-devel-windows-x86_64-new-TK, r-patched-linux-x86_64, r-release-linux-x86_64, r-release-macos-arm64, r-release-macos-x86_64, r-release-windows-ix86+x86_64