CRAN Package Check Results for Package farff

Last updated on 2020-02-17 19:49:12 CET.

Flavor Version Tinstall Tcheck Ttotal Status Flags
r-devel-linux-x86_64-debian-clang 1.1 4.80 46.40 51.20 OK
r-devel-linux-x86_64-debian-gcc 1.1 3.86 36.15 40.01 OK
r-devel-linux-x86_64-fedora-clang 1.1 61.94 OK
r-devel-linux-x86_64-fedora-gcc 1.1 60.36 OK
r-devel-windows-ix86+x86_64 1.1 15.00 81.00 96.00 OK
r-devel-windows-ix86+x86_64-gcc8 1.1 20.00 118.00 138.00 OK
r-patched-linux-x86_64 1.1 4.02 40.23 44.25 OK
r-patched-solaris-x86 1.1 74.60 ERROR
r-release-linux-x86_64 1.1 4.12 40.42 44.54 OK
r-release-windows-ix86+x86_64 1.1 14.00 77.00 91.00 OK
r-release-osx-x86_64 1.1 OK
r-oldrel-windows-ix86+x86_64 1.1 10.00 76.00 86.00 OK
r-oldrel-osx-x86_64 1.1 OK

Check Details

Version: 1.1
Check: package dependencies
Result: NOTE
    Package suggested but not available for checking: ‘RWeka’
Flavor: r-patched-solaris-x86

Version: 1.1
Check: Rd cross-references
Result: NOTE
    Package unavailable to check Rd xrefs: ‘RWeka’
Flavor: r-patched-solaris-x86

Version: 1.1
Check: tests
Result: ERROR
     Running ‘run-all.R’
    Running the tests in ‘tests/run-all.R’ failed.
    Complete output:
     > library(testthat)
     > test_check("farff")
     Loading required package: farff
     ── 1. Error: quick test with small arffs (@test_quick.R#6) ────────────────────
     there is no package called 'RWeka'
     Backtrace:
     1. farff:::compareRWeka(INST_ARFF_DIR, "iris.arff", data.reader = dreader)
     2. RWeka::read.arff /home/ripley/R/packages/tests32/farff.Rcheck/tests/helper.R:17:2
     3. base::getExportedValue(pkg, name)
     4. base::asNamespace(ns)
     5. base::getNamespace(ns)
     6. base::loadNamespace(name)
     7. base::withRestarts(stop(cond), retry_loadNamespace = function() NULL)
     8. base:::withOneRestart(expr, restarts[[1L]])
     9. base:::doWithOneRestart(return(expr), restart)
    
     ══ testthat results ═══════════════════════════════════════════════════════════
     [ OK: 8 | SKIPPED: 0 | WARNINGS: 0 | FAILED: 1 ]
     1. Error: quick test with small arffs (@test_quick.R#6)
    
     Error: testthat unit tests failed
     Execution halted
Flavor: r-patched-solaris-x86