CRAN Package Check Results for Package farver

Last updated on 2020-11-29 03:50:29 CET.

Flavor Version Tinstall Tcheck Ttotal Status Flags
r-devel-linux-x86_64-debian-clang 2.0.3 36.02 25.30 61.32 OK
r-devel-linux-x86_64-debian-gcc 2.0.3 45.38 20.29 65.67 OK
r-devel-linux-x86_64-fedora-clang 2.0.3 77.12 NOTE
r-devel-linux-x86_64-fedora-gcc 2.0.3 67.66 OK
r-devel-windows-ix86+x86_64 2.0.3 73.00 49.00 122.00 OK
r-patched-linux-x86_64 2.0.3 70.54 23.29 93.83 OK
r-patched-solaris-x86 2.0.3 109.80 OK
r-release-linux-x86_64 2.0.3 68.90 25.06 93.96 OK
r-release-macos-x86_64 2.0.3 OK
r-release-windows-ix86+x86_64 2.0.3 75.00 43.00 118.00 OK
r-oldrel-macos-x86_64 2.0.3 OK
r-oldrel-windows-ix86+x86_64 2.0.3 71.00 53.00 124.00 OK

Check Details

Version: 2.0.3
Check: installed package size
Result: NOTE
     installed size is 5.1Mb
     sub-directories of 1Mb or more:
     help 1.6Mb
     libs 3.5Mb
Flavor: r-devel-linux-x86_64-fedora-clang