Last updated on 2022-06-26 11:17:15 CEST.
Flavor | Version | Tinstall | Tcheck | Ttotal | Status | Flags |
---|---|---|---|---|---|---|
r-devel-linux-x86_64-debian-clang | 2.0.0 | 36.16 | 56.73 | 92.89 | NOTE | |
r-devel-linux-x86_64-debian-gcc | 2.0.0 | 27.16 | 43.64 | 70.80 | NOTE | |
r-devel-linux-x86_64-fedora-clang | 2.0.0 | 131.77 | NOTE | |||
r-devel-linux-x86_64-fedora-gcc | 2.0.0 | 124.30 | NOTE | |||
r-devel-windows-x86_64 | 2.0.0 | 121.00 | 105.00 | 226.00 | NOTE | |
r-patched-linux-x86_64 | 2.0.0 | 29.25 | 54.60 | 83.85 | NOTE | |
r-release-linux-x86_64 | 2.0.0 | 26.59 | 53.85 | 80.44 | NOTE | |
r-release-macos-arm64 | 2.0.0 | 79.00 | NOTE | |||
r-release-macos-x86_64 | 2.0.0 | 54.00 | NOTE | |||
r-release-windows-x86_64 | 2.0.0 | 109.00 | 108.00 | 217.00 | NOTE | |
r-oldrel-macos-arm64 | 2.0.0 | 46.00 | NOTE | |||
r-oldrel-macos-x86_64 | 2.0.0 | 54.00 | NOTE | |||
r-oldrel-windows-ix86+x86_64 | 2.0.0 | 83.00 | 137.00 | 220.00 | NOTE |
Version: 2.0.0
Check: for GNU extensions in Makefiles
Result: NOTE
GNU make is a SystemRequirements.
Flavors: r-devel-linux-x86_64-debian-clang, r-devel-linux-x86_64-debian-gcc, r-devel-linux-x86_64-fedora-clang, r-devel-linux-x86_64-fedora-gcc, r-devel-windows-x86_64, r-patched-linux-x86_64, r-release-linux-x86_64, r-release-macos-arm64, r-release-macos-x86_64, r-release-windows-x86_64, r-oldrel-macos-arm64, r-oldrel-macos-x86_64, r-oldrel-windows-ix86+x86_64