CRAN Package Check Results for Package fastDummies

Last updated on 2022-01-25 01:53:08 CET.

Flavor Version Tinstall Tcheck Ttotal Status Flags
r-devel-linux-x86_64-debian-clang 1.6.3 2.10 40.43 42.53 NOTE
r-devel-linux-x86_64-debian-gcc 1.6.3 1.62 31.32 32.94 NOTE
r-devel-linux-x86_64-fedora-clang 1.6.3 53.78 NOTE
r-devel-linux-x86_64-fedora-gcc 1.6.3 41.87 NOTE
r-devel-windows-x86_64-new-UL 1.6.3 47.00 69.00 116.00 NOTE
r-devel-windows-x86_64-new-TK 1.6.3 NOTE
r-patched-linux-x86_64 1.6.3 2.43 39.58 42.01 NOTE
r-release-linux-x86_64 1.6.3 2.42 40.05 42.47 NOTE
r-release-macos-arm64 1.6.3 NOTE
r-release-macos-x86_64 1.6.3 NOTE
r-release-windows-ix86+x86_64 1.6.3 6.00 52.00 58.00 NOTE
r-oldrel-macos-x86_64 1.6.3 OK
r-oldrel-windows-ix86+x86_64 1.6.3 6.00 53.00 59.00 OK

Check Details

Version: 1.6.3
Check: LazyData
Result: NOTE
     'LazyData' is specified without a 'data' directory
Flavors: r-devel-linux-x86_64-debian-clang, r-devel-linux-x86_64-debian-gcc, r-devel-linux-x86_64-fedora-clang, r-devel-linux-x86_64-fedora-gcc, r-devel-windows-x86_64-new-UL, r-devel-windows-x86_64-new-TK, r-patched-linux-x86_64, r-release-linux-x86_64, r-release-macos-arm64, r-release-macos-x86_64, r-release-windows-ix86+x86_64