CRAN Package Check Results for Package fastM

Last updated on 2022-01-23 21:48:13 CET.

Flavor Version Tinstall Tcheck Ttotal Status Flags
r-devel-linux-x86_64-debian-clang 0.0-4 36.00 37.63 73.63 OK
r-devel-linux-x86_64-debian-gcc 0.0-4 22.56 32.46 55.02 OK
r-devel-linux-x86_64-fedora-clang 0.0-4 98.96 NOTE
r-devel-linux-x86_64-fedora-gcc 0.0-4 78.66 OK
r-devel-windows-x86_64-new-UL 0.0-4 40.00 78.00 118.00 OK
r-devel-windows-x86_64-new-TK 0.0-4 OK
r-patched-linux-x86_64 0.0-4 26.98 36.87 63.85 OK
r-release-linux-x86_64 0.0-4 24.66 36.86 61.52 OK
r-release-macos-arm64 0.0-4 OK
r-release-macos-x86_64 0.0-4 OK
r-release-windows-ix86+x86_64 0.0-4 77.00 81.00 158.00 OK
r-oldrel-macos-x86_64 0.0-4 OK
r-oldrel-windows-ix86+x86_64 0.0-4 77.00 73.00 150.00 OK

Check Details

Version: 0.0-4
Check: Rd cross-references
Result: NOTE
    Undeclared packages ‘ICSNP’, ‘ICS’ in Rd xrefs
Flavor: r-devel-linux-x86_64-fedora-clang