CRAN Package Check Results for Package fastTopics

Last updated on 2022-09-29 16:51:27 CEST.

Flavor Version Tinstall Tcheck Ttotal Status Flags
r-devel-linux-x86_64-debian-clang 0.6-142 178.50 246.25 424.75 NOTE
r-devel-linux-x86_64-debian-gcc 0.6-142 132.85 179.14 311.99 NOTE
r-devel-linux-x86_64-fedora-clang 0.6-142 575.43 NOTE
r-devel-linux-x86_64-fedora-gcc 0.6-142 574.04 NOTE
r-devel-windows-x86_64 0.6-142 181.00 293.00 474.00 NOTE
r-patched-linux-x86_64 0.6-142 147.54 234.62 382.16 NOTE
r-release-linux-x86_64 0.6-142 145.15 236.65 381.80 NOTE
r-release-macos-arm64 0.6-142 140.00 NOTE
r-release-macos-x86_64 0.6-142 183.00 NOTE
r-release-windows-x86_64 0.6-142 199.00 284.00 483.00 NOTE
r-oldrel-macos-arm64 0.6-142 138.00 NOTE
r-oldrel-macos-x86_64 0.6-142 185.00 NOTE
r-oldrel-windows-ix86+x86_64 0.6-142 400.00 406.00 806.00 NOTE

Check Details

Version: 0.6-142
Check: package dependencies
Result: NOTE
    Package suggested but not available for checking: 'NNLM'
Flavors: r-devel-linux-x86_64-debian-clang, r-devel-linux-x86_64-debian-gcc, r-devel-linux-x86_64-fedora-clang, r-devel-linux-x86_64-fedora-gcc, r-devel-windows-x86_64, r-patched-linux-x86_64, r-release-linux-x86_64, r-release-macos-arm64, r-release-macos-x86_64, r-release-windows-x86_64, r-oldrel-macos-arm64, r-oldrel-macos-x86_64

Version: 0.6-142
Check: for GNU extensions in Makefiles
Result: NOTE
    GNU make is a SystemRequirements.
Flavors: r-devel-linux-x86_64-debian-clang, r-devel-linux-x86_64-debian-gcc, r-devel-linux-x86_64-fedora-clang, r-devel-linux-x86_64-fedora-gcc, r-devel-windows-x86_64, r-patched-linux-x86_64, r-release-linux-x86_64, r-release-macos-arm64, r-release-macos-x86_64, r-release-windows-x86_64, r-oldrel-macos-arm64, r-oldrel-macos-x86_64, r-oldrel-windows-ix86+x86_64

Version: 0.6-142
Check: installed package size
Result: NOTE
     installed size is 5.6Mb
     sub-directories of 1Mb or more:
     data 4.3Mb
Flavors: r-devel-linux-x86_64-fedora-clang, r-devel-windows-x86_64, r-release-macos-arm64, r-release-macos-x86_64, r-release-windows-x86_64, r-oldrel-macos-arm64, r-oldrel-macos-x86_64, r-oldrel-windows-ix86+x86_64