Last updated on 2023-01-29 09:56:12 CET.
Flavor | Version | Tinstall | Tcheck | Ttotal | Status | Flags |
---|---|---|---|---|---|---|
r-devel-linux-x86_64-debian-clang | 2.2.0 | 27.70 | 270.06 | 297.76 | OK | |
r-devel-linux-x86_64-debian-gcc | 2.2.0 | 22.06 | 198.95 | 221.01 | OK | |
r-devel-linux-x86_64-fedora-clang | 2.2.0 | 423.00 | NOTE | |||
r-devel-linux-x86_64-fedora-gcc | 2.2.0 | 416.19 | OK | |||
r-devel-windows-x86_64 | 2.2.0 | 323.00 | 655.00 | 978.00 | NOTE | |
r-patched-linux-x86_64 | 2.2.0 | 36.85 | 228.30 | 265.15 | OK | |
r-release-linux-x86_64 | 2.2.0 | 29.76 | 209.99 | 239.75 | OK | |
r-release-macos-arm64 | 2.2.0 | 103.00 | NOTE | |||
r-release-macos-x86_64 | 2.2.0 | 174.00 | NOTE | |||
r-release-windows-x86_64 | 2.2.0 | 413.00 | 451.00 | 864.00 | NOTE | |
r-oldrel-macos-arm64 | 2.2.0 | 95.00 | NOTE | |||
r-oldrel-macos-x86_64 | 2.2.0 | 158.00 | NOTE | |||
r-oldrel-windows-ix86+x86_64 | 2.2.0 | 72.00 | 374.00 | 446.00 | NOTE |
Version: 2.2.0
Check: installed package size
Result: NOTE
installed size is 5.1Mb
sub-directories of 1Mb or more:
doc 3.0Mb
help 1.2Mb
Flavors: r-devel-linux-x86_64-fedora-clang, r-devel-windows-x86_64, r-release-macos-arm64, r-release-macos-x86_64, r-release-windows-x86_64, r-oldrel-macos-arm64, r-oldrel-macos-x86_64, r-oldrel-windows-ix86+x86_64