CRAN Package Check Results for Package fastnet

Last updated on 2022-01-28 15:53:11 CET.

Flavor Version Tinstall Tcheck Ttotal Status Flags
r-devel-linux-x86_64-debian-clang 1.0.0 4.33 50.49 54.82 NOTE
r-devel-linux-x86_64-debian-gcc 1.0.0 3.15 38.85 42.00 NOTE
r-devel-linux-x86_64-fedora-clang 1.0.0 66.35 NOTE
r-devel-linux-x86_64-fedora-gcc 1.0.0 55.54 NOTE
r-devel-windows-x86_64-new-UL 1.0.0 67.00 72.00 139.00 NOTE
r-devel-windows-x86_64-new-TK 1.0.0 NOTE
r-patched-linux-x86_64 1.0.0 3.59 48.58 52.17 NOTE
r-release-linux-x86_64 1.0.0 3.51 47.91 51.42 NOTE
r-release-macos-arm64 1.0.0 NOTE
r-release-macos-x86_64 1.0.0 NOTE
r-release-windows-ix86+x86_64 1.0.0 10.00 59.00 69.00 NOTE
r-oldrel-macos-x86_64 1.0.0 OK
r-oldrel-windows-ix86+x86_64 1.0.0 10.00 59.00 69.00 OK

Check Details

Version: 1.0.0
Check: LazyData
Result: NOTE
     'LazyData' is specified without a 'data' directory
Flavors: r-devel-linux-x86_64-debian-clang, r-devel-linux-x86_64-debian-gcc, r-devel-linux-x86_64-fedora-clang, r-devel-linux-x86_64-fedora-gcc, r-devel-windows-x86_64-new-UL, r-devel-windows-x86_64-new-TK, r-patched-linux-x86_64, r-release-linux-x86_64, r-release-macos-arm64, r-release-macos-x86_64, r-release-windows-ix86+x86_64