CRAN Package Check Results for Package faux

Last updated on 2020-11-28 20:47:46 CET.

Flavor Version Tinstall Tcheck Ttotal Status Flags
r-devel-linux-x86_64-debian-clang 0.0.1.5 10.38 167.92 178.30 OK
r-devel-linux-x86_64-debian-gcc 0.0.1.5 9.93 124.64 134.57 OK
r-devel-linux-x86_64-fedora-clang 0.0.1.5 216.37 OK
r-devel-linux-x86_64-fedora-gcc 0.0.1.5 189.12 OK
r-devel-windows-ix86+x86_64 0.0.1.5 23.00 195.00 218.00 OK
r-patched-linux-x86_64 0.0.1.5 11.51 156.69 168.20 OK
r-patched-solaris-x86 0.0.1.5 270.40 NOTE
r-release-linux-x86_64 0.0.1.5 11.42 158.84 170.26 OK
r-release-macos-x86_64 0.0.1.5 OK
r-release-windows-ix86+x86_64 0.0.1.5 18.00 158.00 176.00 OK
r-oldrel-macos-x86_64 0.0.1.5 ERROR
r-oldrel-windows-ix86+x86_64 0.0.1.5 18.00 203.00 221.00 ERROR

Check Details

Version: 0.0.1.5
Check: installed package size
Result: NOTE
     installed size is 5.4Mb
     sub-directories of 1Mb or more:
     doc 2.7Mb
     help 1.5Mb
Flavor: r-patched-solaris-x86

Version: 0.0.1.5
Check: tests
Result: ERROR
     Running ‘testthat.R’ [17s/17s]
    Running the tests in ‘tests/testthat.R’ failed.
    Last 13 lines of output:
    
     ══ testthat results ═══════════════════════════════════════════════════════════
     FAILURE (test-codebook.R:287:3): conversion
     FAILURE (test-codebook.R:297:3): conversion
     FAILURE (test-codebook.R:307:3): conversion
     FAILURE (test-sim_design.R:69:3): 2w
     FAILURE (test-sim_design.R:97:3): 2w*2w
     FAILURE (test-sim_design.R:195:3): 2w*2b basic
     FAILURE (test-sim_design.R:240:3): 2w*2b alt
     FAILURE (test-sim_design.R:278:3): 2w*2b within order
     FAILURE (test-sim_design.R:325:3): 2w*2b order
    
     [ FAIL 9 | WARN 0 | SKIP 0 | PASS 997 ]
     Error: Test failures
     Execution halted
Flavor: r-oldrel-macos-x86_64

Version: 0.0.1.5
Check: tests
Result: ERROR
     Running 'testthat.R' [26s]
    Running the tests in 'tests/testthat.R' failed.
    Complete output:
     > library(testthat)
     > library(faux)
    
     ************
     Welcome to faux. For support and examples visit:
     http://debruine.github.io/faux/
     - Get and set global package options with: faux_options()
     ************
     >
     > test_check("faux")
     -- FAILURE (test-codebook.R:287:3): conversion ---------------------------------
     typeof(ndata$s) not equal to "character".
     1/1 mismatches
     x[1]: "integer"
     y[1]: "character"
    
     -- FAILURE (test-codebook.R:297:3): conversion ---------------------------------
     typeof(ndata$s) not equal to "character".
     1/1 mismatches
     x[1]: "integer"
     y[1]: "character"
    
     -- FAILURE (test-codebook.R:307:3): conversion ---------------------------------
     typeof(ndata$s) not equal to "character".
     1/1 mismatches
     x[1]: "integer"
     y[1]: "character"
    
     -- FAILURE (test-sim_design.R:69:3): 2w ----------------------------------------
     `chk` not equal to `comp`.
     Component "var": Modes: character, numeric
     Component "var": Attributes: < target is NULL, current is list >
     Component "var": target is character, current is factor
    
     -- FAILURE (test-sim_design.R:97:3): 2w*2w -------------------------------------
     `chk` not equal to `comp`.
     Component "var": Modes: character, numeric
     Component "var": Attributes: < target is NULL, current is list >
     Component "var": target is character, current is factor
    
     -- FAILURE (test-sim_design.R:195:3): 2w*2b basic ------------------------------
     `chk` not equal to `comp`.
     Component "var": Modes: character, numeric
     Component "var": Attributes: < target is NULL, current is list >
     Component "var": target is character, current is factor
    
     -- FAILURE (test-sim_design.R:240:3): 2w*2b alt --------------------------------
     `chk` not equal to `comp`.
     Component "var": Modes: character, numeric
     Component "var": Attributes: < target is NULL, current is list >
     Component "var": target is character, current is factor
    
     -- FAILURE (test-sim_design.R:278:3): 2w*2b within order -----------------------
     `chk` not equal to `comp`.
     Component "var": Modes: character, numeric
     Component "var": Attributes: < target is NULL, current is list >
     Component "var": target is character, current is factor
    
     -- FAILURE (test-sim_design.R:325:3): 2w*2b order ------------------------------
     `chk` not equal to `comp`.
     Component "var": Modes: character, numeric
     Component "var": Attributes: < target is NULL, current is list >
     Component "var": target is character, current is factor
    
     == testthat results ===========================================================
     FAILURE (test-codebook.R:287:3): conversion
     FAILURE (test-codebook.R:297:3): conversion
     FAILURE (test-codebook.R:307:3): conversion
     FAILURE (test-sim_design.R:69:3): 2w
     FAILURE (test-sim_design.R:97:3): 2w*2w
     FAILURE (test-sim_design.R:195:3): 2w*2b basic
     FAILURE (test-sim_design.R:240:3): 2w*2b alt
     FAILURE (test-sim_design.R:278:3): 2w*2b within order
     FAILURE (test-sim_design.R:325:3): 2w*2b order
    
     [ FAIL 9 | WARN 0 | SKIP 0 | PASS 997 ]
     Error: Test failures
     Execution halted
Flavor: r-oldrel-windows-ix86+x86_64