CRAN Package Check Results for Package fc

Last updated on 2022-08-16 09:54:37 CEST.

Flavor Version Tinstall Tcheck Ttotal Status Flags
r-devel-linux-x86_64-debian-clang 0.1.0 2.31 22.02 24.33 NOTE
r-devel-linux-x86_64-debian-gcc 0.1.0 1.73 17.52 19.25 NOTE
r-devel-linux-x86_64-fedora-clang 0.1.0 41.08 NOTE
r-devel-linux-x86_64-fedora-gcc 0.1.0 39.88 NOTE
r-devel-windows-x86_64 0.1.0 7.00 47.00 54.00 NOTE
r-patched-linux-x86_64 0.1.0 2.31 21.82 24.13 NOTE
r-release-linux-x86_64 0.1.0 2.29 21.75 24.04 NOTE
r-release-macos-arm64 0.1.0 15.00 NOTE
r-release-macos-x86_64 0.1.0 22.00 NOTE
r-release-windows-x86_64 0.1.0 5.00 46.00 51.00 NOTE
r-oldrel-macos-arm64 0.1.0 17.00 NOTE
r-oldrel-macos-x86_64 0.1.0 27.00 NOTE
r-oldrel-windows-ix86+x86_64 0.1.0 5.00 43.00 48.00 NOTE

Check Details

Version: 0.1.0
Check: LazyData
Result: NOTE
     'LazyData' is specified without a 'data' directory
Flavors: r-devel-linux-x86_64-debian-clang, r-devel-linux-x86_64-debian-gcc, r-devel-linux-x86_64-fedora-clang, r-devel-linux-x86_64-fedora-gcc, r-devel-windows-x86_64, r-patched-linux-x86_64, r-release-linux-x86_64, r-release-macos-arm64, r-release-macos-x86_64, r-release-windows-x86_64, r-oldrel-macos-arm64, r-oldrel-macos-x86_64, r-oldrel-windows-ix86+x86_64