Last updated on 2022-08-13 09:54:24 CEST.
Flavor | Version | Tinstall | Tcheck | Ttotal | Status | Flags |
---|---|---|---|---|---|---|
r-devel-linux-x86_64-debian-clang | 2.1.1 | 171.84 | 82.69 | 254.53 | WARN | |
r-devel-linux-x86_64-debian-gcc | 2.1.1 | 121.59 | 60.87 | 182.46 | OK | |
r-devel-linux-x86_64-fedora-clang | 2.1.1 | 367.96 | WARN | |||
r-devel-linux-x86_64-fedora-gcc | 2.1.1 | 312.63 | OK | |||
r-devel-windows-x86_64 | 2.1.1 | 127.00 | 132.00 | 259.00 | OK | |
r-patched-linux-x86_64 | 2.1.1 | 137.24 | 80.39 | 217.63 | OK | |
r-release-linux-x86_64 | 2.1.1 | 128.85 | 81.08 | 209.93 | OK | |
r-release-macos-arm64 | 2.1.1 | 75.00 | NOTE | |||
r-release-macos-x86_64 | 2.1.1 | 94.00 | NOTE | |||
r-release-windows-x86_64 | 2.1.1 | 128.00 | 136.00 | 264.00 | OK | |
r-oldrel-macos-arm64 | 2.1.1 | 79.00 | NOTE | |||
r-oldrel-macos-x86_64 | 2.1.1 | 127.00 | NOTE | |||
r-oldrel-windows-ix86+x86_64 | 2.1.1 | 369.00 | 145.00 | 514.00 | OK |
Version: 2.1.1
Check: whether package can be installed
Result: WARN
Found the following significant warnings:
func.cpp:124:17: warning: use of bitwise '&' with boolean operands [-Wbitwise-instead-of-logical]
Flavors: r-devel-linux-x86_64-debian-clang, r-devel-linux-x86_64-fedora-clang
Version: 2.1.1
Check: installed package size
Result: NOTE
installed size is 7.9Mb
sub-directories of 1Mb or more:
libs 7.3Mb
Flavors: r-devel-linux-x86_64-fedora-clang, r-release-macos-arm64, r-release-macos-x86_64, r-oldrel-macos-arm64, r-oldrel-macos-x86_64