CRAN Package Check Results for Package fdaoutlier

Last updated on 2022-01-29 03:59:21 CET.

Flavor Version Tinstall Tcheck Ttotal Status Flags
r-devel-linux-x86_64-debian-clang 0.2.0 6.31 58.95 65.26 OK
r-devel-linux-x86_64-debian-gcc 0.2.0 5.68 44.34 50.02 OK
r-devel-linux-x86_64-fedora-clang 0.2.0 74.60 NOTE
r-devel-linux-x86_64-fedora-gcc 0.2.0 58.96 NOTE
r-devel-windows-x86_64-new-UL 0.2.0 107.00 89.00 196.00 OK
r-devel-windows-x86_64-new-TK 0.2.0 NOTE
r-patched-linux-x86_64 0.2.0 6.21 47.62 53.83 OK
r-release-linux-x86_64 0.2.0 5.87 46.81 52.68 OK
r-release-macos-arm64 0.2.0 NOTE
r-release-macos-x86_64 0.2.0 NOTE
r-release-windows-ix86+x86_64 0.2.0 18.00 78.00 96.00 OK
r-oldrel-macos-x86_64 0.2.0 NOTE
r-oldrel-windows-ix86+x86_64 0.2.0 19.00 76.00 95.00 OK

Check Details

Version: 0.2.0
Check: data for non-ASCII characters
Result: NOTE
     Note: found 75 marked UTF-8 strings
Flavors: r-devel-linux-x86_64-fedora-clang, r-devel-linux-x86_64-fedora-gcc, r-devel-windows-x86_64-new-TK, r-release-macos-arm64, r-release-macos-x86_64, r-oldrel-macos-x86_64