Last updated on 2022-08-17 01:52:08 CEST.
Flavor | Version | Tinstall | Tcheck | Ttotal | Status | Flags |
---|---|---|---|---|---|---|
r-devel-linux-x86_64-debian-clang | 0.5.8 | 312.57 | 217.86 | 530.43 | OK | |
r-devel-linux-x86_64-debian-gcc | 0.5.8 | 252.75 | 170.40 | 423.15 | OK | |
r-devel-linux-x86_64-fedora-clang | 0.5.9 | 730.96 | OK | |||
r-devel-linux-x86_64-fedora-gcc | 0.5.9 | 730.43 | OK | |||
r-devel-windows-x86_64 | 0.5.8 | 229.00 | 285.00 | 514.00 | OK | |
r-patched-linux-x86_64 | 0.5.8 | 208.34 | 221.34 | 429.68 | OK | |
r-release-linux-x86_64 | 0.5.8 | 198.39 | 220.05 | 418.44 | OK | |
r-release-macos-arm64 | 0.5.9 | 138.00 | NOTE | |||
r-release-macos-x86_64 | 0.5.8 | 276.00 | NOTE | |||
r-release-windows-x86_64 | 0.5.8 | 233.00 | 271.00 | 504.00 | OK | |
r-oldrel-macos-arm64 | 0.5.9 | 141.00 | NOTE | |||
r-oldrel-macos-x86_64 | 0.5.8 | 234.00 | NOTE | |||
r-oldrel-windows-ix86+x86_64 | 0.5.8 | 676.00 | 341.00 | 1017.00 | OK |
Version: 0.5.9
Check: installed package size
Result: NOTE
installed size is 40.2Mb
sub-directories of 1Mb or more:
libs 38.4Mb
Flavors: r-release-macos-arm64, r-oldrel-macos-arm64
Version: 0.5.8
Check: installed package size
Result: NOTE
installed size is 38.1Mb
sub-directories of 1Mb or more:
libs 36.4Mb
Flavors: r-release-macos-x86_64, r-oldrel-macos-x86_64