CRAN Package Check Results for Package fdasrvf

Last updated on 2022-01-24 21:51:10 CET.

Flavor Version Tinstall Tcheck Ttotal Status Flags
r-devel-linux-x86_64-debian-clang 1.9.7 95.40 237.03 332.43 OK
r-devel-linux-x86_64-debian-gcc 1.9.7 69.82 178.04 247.86 OK
r-devel-linux-x86_64-fedora-clang 1.9.7 436.06 NOTE
r-devel-linux-x86_64-fedora-gcc 1.9.7 406.61 OK
r-devel-windows-x86_64-new-UL 1.9.7 457.00 327.00 784.00 OK
r-devel-windows-x86_64-new-TK 1.9.7 OK
r-patched-linux-x86_64 1.9.7 93.45 227.31 320.76 OK
r-release-linux-x86_64 1.9.7 83.51 227.29 310.80 OK
r-release-macos-arm64 1.9.7 NOTE
r-release-macos-x86_64 1.9.7 NOTE
r-release-windows-ix86+x86_64 1.9.7 219.00 394.00 613.00 NOTE
r-oldrel-macos-x86_64 1.9.7 NOTE
r-oldrel-windows-ix86+x86_64 1.9.7 221.00 394.00 615.00 NOTE

Check Details

Version: 1.9.7
Check: installed package size
Result: NOTE
     installed size is 5.8Mb
     sub-directories of 1Mb or more:
     data 2.3Mb
     libs 2.9Mb
Flavors: r-devel-linux-x86_64-fedora-clang, r-release-macos-arm64, r-release-macos-x86_64, r-release-windows-ix86+x86_64, r-oldrel-macos-x86_64, r-oldrel-windows-ix86+x86_64