CRAN Package Check Results for Package fdq

Last updated on 2020-12-02 09:51:12 CET.

Flavor Version Tinstall Tcheck Ttotal Status Flags
r-devel-linux-x86_64-debian-clang 0.11 9.82 73.31 83.13 OK
r-devel-linux-x86_64-debian-gcc 0.11 8.25 55.77 64.02 OK
r-devel-linux-x86_64-fedora-clang 0.11 105.72 NOTE
r-devel-linux-x86_64-fedora-gcc 0.11 95.64 NOTE
r-devel-windows-ix86+x86_64 0.11 21.00 95.00 116.00 OK
r-patched-linux-x86_64 0.11 10.37 71.20 81.57 OK
r-patched-solaris-x86 0.11 141.70 NOTE
r-release-linux-x86_64 0.11 8.99 69.83 78.82 OK
r-release-macos-x86_64 0.11 NOTE
r-release-windows-ix86+x86_64 0.11 16.00 74.00 90.00 OK
r-oldrel-macos-x86_64 0.11 NOTE
r-oldrel-windows-ix86+x86_64 0.11 21.00 96.00 117.00 OK

Check Details

Version: 0.11
Check: dependencies in R code
Result: NOTE
    Namespace in Imports field not imported from: ‘ggplot2’
     All declared Imports should be used.
Flavors: r-devel-linux-x86_64-fedora-clang, r-devel-linux-x86_64-fedora-gcc, r-patched-solaris-x86, r-release-macos-x86_64, r-oldrel-macos-x86_64