CRAN Package Check Results for Package fdrtool

Last updated on 2019-08-22 04:47:19 CEST.

Flavor Version Tinstall Tcheck Ttotal Status Flags
r-devel-linux-x86_64-debian-clang 1.2.15 3.25 23.22 26.47 OK
r-devel-linux-x86_64-debian-gcc 1.2.15 2.51 18.42 20.93 OK
r-devel-linux-x86_64-fedora-clang 1.2.15 34.17 NOTE
r-devel-linux-x86_64-fedora-gcc 1.2.15 32.47 NOTE
r-devel-windows-ix86+x86_64 1.2.15 12.00 56.00 68.00 OK
r-patched-linux-x86_64 1.2.15 2.65 22.92 25.57 OK
r-patched-solaris-x86 1.2.15 51.50 OK
r-release-linux-x86_64 1.2.15 2.80 23.43 26.23 OK
r-release-windows-ix86+x86_64 1.2.15 7.00 56.00 63.00 OK
r-release-osx-x86_64 1.2.15 OK
r-oldrel-windows-ix86+x86_64 1.2.15 5.00 39.00 44.00 OK
r-oldrel-osx-x86_64 1.2.15 OK

Check Details

Version: 1.2.15
Check: compiled code
Result: NOTE
    File ‘fdrtool/libs/fdrtool.so’:
     Found no calls to: ‘R_registerRoutines’, ‘R_useDynamicSymbols’
    
    It is good practice to register native routines and to disable symbol
    search.
    
    See ‘Writing portable packages’ in the ‘Writing R Extensions’ manual.
Flavors: r-devel-linux-x86_64-fedora-clang, r-devel-linux-x86_64-fedora-gcc