CRAN Package Check Results for Package fds

Last updated on 2021-09-19 21:48:58 CEST.

Flavor Version Tinstall Tcheck Ttotal Status Flags
r-devel-linux-x86_64-debian-clang 1.8 17.59 79.72 97.31 OK
r-devel-linux-x86_64-debian-gcc 1.8 15.80 62.65 78.45 OK
r-devel-linux-x86_64-fedora-clang 1.8 127.32 OK
r-devel-linux-x86_64-fedora-gcc 1.8 123.61 OK
r-devel-windows-x86_64 1.8 21.00 76.00 97.00 OK
r-devel-windows-x86_64-gcc10-UCRT 1.8 ERROR
r-patched-linux-x86_64 1.8 18.10 79.13 97.23 OK
r-patched-solaris-x86 1.8 187.30 OK
r-release-linux-x86_64 1.8 17.58 77.10 94.68 OK
r-release-macos-arm64 1.8 OK
r-release-macos-x86_64 1.8 OK
r-release-windows-ix86+x86_64 1.8 33.00 80.00 113.00 OK
r-oldrel-macos-x86_64 1.8 OK
r-oldrel-windows-ix86+x86_64 1.8 34.00 80.00 114.00 OK

Check Details

Version: 1.8
Check: whether package can be installed
Result: WARN
    Found the following significant warnings:
     WARNING: installation-time patches will not be applied, could not get the patches index
Flavor: r-devel-windows-x86_64-gcc10-UCRT

Version: 1.8
Check: PDF version of manual
Result: WARN
    LaTeX errors when creating PDF version.
    This typically indicates Rd problems.
Flavor: r-devel-windows-x86_64-gcc10-UCRT

Version: 1.8
Check: PDF version of manual without hyperrefs or index
Result: ERROR
    Re-running with no redirection of stdout/stderr.
Flavor: r-devel-windows-x86_64-gcc10-UCRT