Last updated on 2022-06-26 12:54:46 CEST.
Flavor | Version | Tinstall | Tcheck | Ttotal | Status | Flags |
---|---|---|---|---|---|---|
r-devel-linux-x86_64-debian-clang | 1.1 | 3.44 | 36.36 | 39.80 | NOTE | |
r-devel-linux-x86_64-debian-gcc | 1.1 | 2.50 | 28.18 | 30.68 | NOTE | |
r-devel-linux-x86_64-fedora-clang | 1.1 | 58.82 | NOTE | |||
r-devel-linux-x86_64-fedora-gcc | 1.1 | 57.49 | NOTE | |||
r-devel-windows-x86_64 | 1.1 | 43.00 | 67.00 | 110.00 | OK | |
r-patched-linux-x86_64 | 1.1 | 3.50 | 35.39 | 38.89 | NOTE | |
r-release-linux-x86_64 | 1.1 | 3.08 | 34.90 | 37.98 | NOTE | |
r-release-macos-arm64 | 1.1 | 20.00 | OK | |||
r-release-macos-x86_64 | 1.1 | 28.00 | OK | |||
r-release-windows-x86_64 | 1.1 | 49.00 | 64.00 | 113.00 | OK | |
r-oldrel-macos-arm64 | 1.1 | 27.00 | OK | |||
r-oldrel-macos-x86_64 | 1.1 | 37.00 | OK | |||
r-oldrel-windows-ix86+x86_64 | 1.1 | 7.00 | 50.00 | 57.00 | OK |
Version: 1.1
Check: for non-standard things in the check directory
Result: NOTE
Found the following files/directories:
'treesAll.txt'
Flavors: r-devel-linux-x86_64-debian-clang, r-devel-linux-x86_64-debian-gcc, r-devel-linux-x86_64-fedora-clang, r-devel-linux-x86_64-fedora-gcc, r-patched-linux-x86_64, r-release-linux-x86_64