CRAN Package Check Results for Package ffbase

Last updated on 2020-11-27 19:48:46 CET.

Flavor Version Tinstall Tcheck Ttotal Status Flags
r-devel-linux-x86_64-debian-clang 0.13.1 9.09 71.61 80.70 OK
r-devel-linux-x86_64-debian-gcc 0.13.1 6.18 50.99 57.17 OK
r-devel-linux-x86_64-fedora-clang 0.13.1 101.93 NOTE
r-devel-linux-x86_64-fedora-gcc 0.13.1 89.88 OK
r-devel-windows-ix86+x86_64 0.13.1 20.00 114.00 134.00 OK
r-patched-linux-x86_64 0.13.1 9.03 64.44 73.47 OK
r-patched-solaris-x86 0.13.1 120.00 OK
r-release-linux-x86_64 0.13.1 8.96 65.42 74.38 OK
r-release-macos-x86_64 0.13.1 OK
r-release-windows-ix86+x86_64 0.13.1 20.00 134.00 154.00 OK
r-oldrel-macos-x86_64 0.13.1 OK
r-oldrel-windows-ix86+x86_64 0.13.1 17.00 121.00 138.00 OK

Check Details

Version: 0.13.1
Check: compilation flags used
Result: NOTE
    Compilation used the following non-portable flag(s):
     ‘-Werror=implicit-function-declaration’
Flavor: r-devel-linux-x86_64-fedora-clang