CRAN Package Check Results for Package fgm

Last updated on 2022-10-01 19:50:41 CEST.

Flavor Version Tinstall Tcheck Ttotal Status Flags
r-devel-linux-x86_64-debian-clang 1.0 12.50 112.51 125.01 NOTE
r-devel-linux-x86_64-debian-gcc 1.0 10.50 83.02 93.52 NOTE
r-devel-linux-x86_64-fedora-clang 1.0 164.46 NOTE
r-devel-linux-x86_64-fedora-gcc 1.0 174.97 NOTE
r-devel-windows-x86_64 1.0 16.00 139.00 155.00 NOTE
r-patched-linux-x86_64 1.0 9.60 106.16 115.76 NOTE
r-release-linux-x86_64 1.0 8.06 105.44 113.50 NOTE
r-release-macos-arm64 1.0 43.00 NOTE
r-release-macos-x86_64 1.0 73.00 NOTE
r-release-windows-x86_64 1.0 18.00 135.00 153.00 NOTE
r-oldrel-macos-arm64 1.0 48.00 NOTE
r-oldrel-macos-x86_64 1.0 72.00 NOTE
r-oldrel-windows-ix86+x86_64 1.0 31.00 124.00 155.00 NOTE

Check Details

Version: 1.0
Check: LazyData
Result: NOTE
     'LazyData' is specified without a 'data' directory
Flavors: r-devel-linux-x86_64-debian-clang, r-devel-linux-x86_64-debian-gcc, r-devel-linux-x86_64-fedora-clang, r-devel-linux-x86_64-fedora-gcc, r-devel-windows-x86_64, r-patched-linux-x86_64, r-release-linux-x86_64, r-release-macos-arm64, r-release-macos-x86_64, r-release-windows-x86_64, r-oldrel-macos-arm64, r-oldrel-macos-x86_64, r-oldrel-windows-ix86+x86_64