CRAN Package Check Results for Package fhidata

Last updated on 2020-12-03 10:49:03 CET.

Flavor Version Tinstall Tcheck Ttotal Status Flags
r-devel-linux-x86_64-debian-clang 2019.8.27 13.04 59.81 72.85 NOTE
r-devel-linux-x86_64-debian-gcc 2019.8.27 11.42 45.66 57.08 NOTE
r-devel-linux-x86_64-fedora-clang 2019.8.27 96.67 NOTE
r-devel-linux-x86_64-fedora-gcc 2019.8.27 85.78 NOTE
r-devel-windows-ix86+x86_64 2019.8.27 22.00 77.00 99.00 NOTE
r-patched-linux-x86_64 2019.8.27 11.98 56.54 68.52 NOTE
r-patched-solaris-x86 2019.8.27 149.20 NOTE
r-release-linux-x86_64 2019.8.27 12.36 57.53 69.89 NOTE
r-release-macos-x86_64 2019.8.27 NOTE
r-release-windows-ix86+x86_64 2019.8.27 17.00 62.00 79.00 NOTE
r-oldrel-macos-x86_64 2019.8.27 NOTE
r-oldrel-windows-ix86+x86_64 2019.8.27 17.00 80.00 97.00 NOTE

Check Details

Version: 2019.8.27
Check: package dependencies
Result: NOTE
    Package suggested but not available for checking: 'SDMTools'
Flavors: r-devel-linux-x86_64-debian-clang, r-devel-linux-x86_64-debian-gcc, r-devel-linux-x86_64-fedora-clang, r-devel-linux-x86_64-fedora-gcc, r-patched-linux-x86_64, r-patched-solaris-x86, r-release-linux-x86_64, r-release-macos-x86_64

Version: 2019.8.27
Check: installed package size
Result: NOTE
     installed size is 6.7Mb
     sub-directories of 1Mb or more:
     data 6.3Mb
Flavors: r-devel-linux-x86_64-fedora-clang, r-devel-windows-ix86+x86_64, r-patched-solaris-x86, r-release-macos-x86_64, r-release-windows-ix86+x86_64, r-oldrel-macos-x86_64, r-oldrel-windows-ix86+x86_64

Version: 2019.8.27
Check: data for non-ASCII characters
Result: NOTE
     Note: found 5077 marked UTF-8 strings
Flavors: r-devel-linux-x86_64-fedora-clang, r-devel-linux-x86_64-fedora-gcc, r-patched-solaris-x86, r-release-macos-x86_64, r-oldrel-macos-x86_64