CRAN Package Check Results for Package fhidata

Last updated on 2019-09-22 14:47:27 CEST.

Flavor Version Tinstall Tcheck Ttotal Status Flags
r-devel-linux-x86_64-debian-clang 2019.8.27 13.33 63.62 76.95 OK
r-devel-linux-x86_64-debian-gcc 2019.8.27 12.68 49.51 62.19 OK
r-devel-linux-x86_64-fedora-clang 2019.8.27 93.65 NOTE
r-devel-linux-x86_64-fedora-gcc 2019.8.27 92.74 NOTE
r-devel-windows-ix86+x86_64 2019.8.27 25.00 101.00 126.00 NOTE
r-patched-linux-x86_64 2019.8.27 12.61 61.92 74.53 OK
r-patched-solaris-x86 2019.8.27 148.40 NOTE
r-release-linux-x86_64 2019.8.27 11.81 62.37 74.18 OK
r-release-windows-ix86+x86_64 2019.8.27 18.00 80.00 98.00 NOTE
r-release-osx-x86_64 2019.8.27 NOTE
r-oldrel-windows-ix86+x86_64 2019.8.27 16.00 77.00 93.00 NOTE
r-oldrel-osx-x86_64 2019.8.27 NOTE

Check Details

Version: 2019.8.27
Check: installed package size
Result: NOTE
     installed size is 6.7Mb
     sub-directories of 1Mb or more:
     data 6.3Mb
Flavors: r-devel-linux-x86_64-fedora-clang, r-devel-windows-ix86+x86_64, r-patched-solaris-x86, r-release-windows-ix86+x86_64, r-release-osx-x86_64, r-oldrel-windows-ix86+x86_64, r-oldrel-osx-x86_64

Version: 2019.8.27
Check: data for non-ASCII characters
Result: NOTE
     Note: found 5077 marked UTF-8 strings
Flavors: r-devel-linux-x86_64-fedora-clang, r-devel-linux-x86_64-fedora-gcc, r-patched-solaris-x86, r-release-osx-x86_64, r-oldrel-osx-x86_64