Last updated on 2023-05-31 23:27:19 CEST.
Flavor | Version | Tinstall | Tcheck | Ttotal | Status | Flags |
---|---|---|---|---|---|---|
r-devel-linux-x86_64-debian-clang | 0.1-7 | 59.74 | 108.49 | 168.23 | NOTE | |
r-devel-linux-x86_64-debian-gcc | 0.1-7 | 42.57 | 84.71 | 127.28 | NOTE | |
r-devel-linux-x86_64-fedora-clang | 0.1-7 | 232.51 | NOTE | |||
r-devel-linux-x86_64-fedora-gcc | 0.1-7 | 218.70 | NOTE | |||
r-devel-windows-x86_64 | 0.1-7 | 49.00 | 111.00 | 160.00 | NOTE | |
r-patched-linux-x86_64 | 0.1-7 | NOTE | ||||
r-release-linux-x86_64 | 0.1-7 | 49.51 | 107.04 | 156.55 | NOTE | |
r-release-macos-arm64 | 0.1-7 | 58.00 | NOTE | |||
r-release-macos-x86_64 | 0.1-7 | 99.00 | NOTE | |||
r-release-windows-x86_64 | 0.1-7 | 63.00 | 133.00 | 196.00 | NOTE | |
r-oldrel-macos-arm64 | 0.1-7 | 56.00 | OK | |||
r-oldrel-macos-x86_64 | 0.1-7 | 74.00 | OK | |||
r-oldrel-windows-x86_64 | 0.1-7 | 61.00 | 127.00 | 188.00 | OK |
Version: 0.1-7
Check: C++ specification
Result: NOTE
Specified C++11: please drop specification unless essential
Flavors: r-devel-linux-x86_64-debian-clang, r-devel-linux-x86_64-debian-gcc, r-devel-linux-x86_64-fedora-clang, r-devel-linux-x86_64-fedora-gcc, r-devel-windows-x86_64, r-patched-linux-x86_64, r-release-linux-x86_64, r-release-macos-arm64, r-release-macos-x86_64, r-release-windows-x86_64