Last updated on 2022-06-30 14:53:22 CEST.
Flavor | Version | Tinstall | Tcheck | Ttotal | Status | Flags |
---|---|---|---|---|---|---|
r-devel-linux-x86_64-debian-clang | 1.0.0 | 11.81 | 195.54 | 207.35 | OK | |
r-devel-linux-x86_64-debian-gcc | 1.0.0 | 9.43 | 145.93 | 155.36 | OK | |
r-devel-linux-x86_64-fedora-clang | 1.0.0 | 267.01 | NOTE | |||
r-devel-linux-x86_64-fedora-gcc | 1.0.0 | 264.06 | NOTE | |||
r-devel-windows-x86_64 | 1.0.0 | 27.00 | 320.00 | 347.00 | OK | |
r-patched-linux-x86_64 | 1.0.0 | 12.60 | 184.96 | 197.56 | OK | |
r-release-linux-x86_64 | 1.0.0 | 11.11 | 182.03 | 193.14 | OK | |
r-release-macos-arm64 | 1.0.0 | 83.00 | NOTE | |||
r-release-macos-x86_64 | 1.0.0 | 139.00 | NOTE | |||
r-release-windows-x86_64 | 1.0.0 | 32.00 | 326.00 | 358.00 | OK | |
r-oldrel-macos-arm64 | 1.0.0 | 110.00 | NOTE | |||
r-oldrel-macos-x86_64 | 1.0.0 | 176.00 | NOTE | |||
r-oldrel-windows-ix86+x86_64 | 1.0.0 | 29.00 | 282.00 | 311.00 | OK |
Version: 1.0.0
Check: dependencies in R code
Result: NOTE
Namespace in Imports field not imported from: ‘numDeriv’
All declared Imports should be used.
Flavors: r-devel-linux-x86_64-fedora-clang, r-devel-linux-x86_64-fedora-gcc, r-release-macos-arm64, r-release-macos-x86_64, r-oldrel-macos-arm64, r-oldrel-macos-x86_64