CRAN Package Check Results for Package fidap

Last updated on 2022-01-28 15:53:11 CET.

Flavor Version Tinstall Tcheck Ttotal Status Flags
r-devel-linux-x86_64-debian-clang 0.0.3 2.34 34.00 36.34 WARN
r-devel-linux-x86_64-debian-gcc 0.0.3 2.51 26.76 29.27 WARN
r-devel-linux-x86_64-fedora-clang 0.0.3 44.36 WARN
r-devel-linux-x86_64-fedora-gcc 0.0.3 34.29 WARN
r-devel-windows-x86_64-new-UL 0.0.3 21.00 57.00 78.00 WARN
r-devel-windows-x86_64-new-TK 0.0.3 WARN
r-patched-linux-x86_64 0.0.3 2.73 31.50 34.23 WARN
r-release-linux-x86_64 0.0.3 2.55 31.89 34.44 WARN
r-release-macos-arm64 0.0.3 OK
r-release-macos-x86_64 0.0.3 OK
r-release-windows-ix86+x86_64 0.0.3 8.00 41.00 49.00 WARN
r-oldrel-macos-x86_64 0.0.3 OK
r-oldrel-windows-ix86+x86_64 0.0.3 8.00 40.00 48.00 WARN

Check Details

Version: 0.0.3
Check: re-building of vignette outputs
Result: WARN
    Error(s) in re-building vignettes:
     ...
    --- re-building 'my-vignette.Rmd' using rmarkdown
    Quitting from lines 25-29 (my-vignette.Rmd)
    Error: processing vignette 'my-vignette.Rmd' failed with diagnostics:
    server certificate verification failed. CAfile: none CRLfile: none
    --- failed re-building 'my-vignette.Rmd'
    
    SUMMARY: processing the following file failed:
     'my-vignette.Rmd'
    
    Error: Vignette re-building failed.
    Execution halted
Flavors: r-devel-linux-x86_64-debian-clang, r-devel-linux-x86_64-debian-gcc, r-patched-linux-x86_64, r-release-linux-x86_64

Version: 0.0.3
Check: re-building of vignette outputs
Result: WARN
    Error(s) in re-building vignettes:
    --- re-building ‘my-vignette.Rmd’ using rmarkdown
    Quitting from lines 25-29 (my-vignette.Rmd)
    Error: processing vignette 'my-vignette.Rmd' failed with diagnostics:
    SSL certificate problem: certificate has expired
    --- failed re-building ‘my-vignette.Rmd’
    
    SUMMARY: processing the following file failed:
     ‘my-vignette.Rmd’
    
    Error: Vignette re-building failed.
    Execution halted
Flavors: r-devel-linux-x86_64-fedora-clang, r-devel-linux-x86_64-fedora-gcc, r-release-windows-ix86+x86_64, r-oldrel-windows-ix86+x86_64

Version: 0.0.3
Check: re-building of vignette outputs
Result: WARN
    Error(s) in re-building vignettes:
    --- re-building 'my-vignette.Rmd' using rmarkdown
    Quitting from lines 25-29 (my-vignette.Rmd)
    Error: processing vignette 'my-vignette.Rmd' failed with diagnostics:
    schannel: next InitializeSecurityContext failed: SEC_E_CERT_EXPIRED (0x80090328) - Das empfangene Zertifikat ist abgelaufen.
    --- failed re-building 'my-vignette.Rmd'
    
    SUMMARY: processing the following file failed:
     'my-vignette.Rmd'
    
    Error: Vignette re-building failed.
    Execution halted
Flavor: r-devel-windows-x86_64-new-UL

Version: 0.0.3
Check: re-building of vignette outputs
Result: WARN
    Error(s) in re-building vignettes:
    --- re-building 'my-vignette.Rmd' using rmarkdown
    Quitting from lines 25-29 (my-vignette.Rmd)
    Error: processing vignette 'my-vignette.Rmd' failed with diagnostics:
    schannel: next InitializeSecurityContext failed: SEC_E_CERT_EXPIRED (0x80090328) - The received certificate has expired.
    --- failed re-building 'my-vignette.Rmd'
    
    SUMMARY: processing the following file failed:
     'my-vignette.Rmd'
    
    Error: Vignette re-building failed.
    Execution halted
Flavor: r-devel-windows-x86_64-new-TK