CRAN Package Check Results for Package fillr

Last updated on 2022-01-23 20:51:59 CET.

Flavor Version Tinstall Tcheck Ttotal Status Flags
r-devel-linux-x86_64-debian-clang 1.0.0 2.26 31.12 33.38 NOTE
r-devel-linux-x86_64-debian-gcc 1.0.0 1.44 26.41 27.85 NOTE
r-devel-linux-x86_64-fedora-clang 1.0.0 40.71 NOTE
r-devel-linux-x86_64-fedora-gcc 1.0.0 29.66 NOTE
r-devel-windows-x86_64-new-UL 1.0.0 25.00 59.00 84.00 NOTE
r-devel-windows-x86_64-new-TK 1.0.0 NOTE
r-patched-linux-x86_64 1.0.0 2.10 29.76 31.86 NOTE
r-release-linux-x86_64 1.0.0 1.96 29.55 31.51 NOTE
r-release-macos-arm64 1.0.0 NOTE
r-release-macos-x86_64 1.0.0 NOTE
r-release-windows-ix86+x86_64 1.0.0 5.00 38.00 43.00 NOTE
r-oldrel-macos-x86_64 1.0.0 OK
r-oldrel-windows-ix86+x86_64 1.0.0 6.00 39.00 45.00 OK

Check Details

Version: 1.0.0
Check: LazyData
Result: NOTE
     'LazyData' is specified without a 'data' directory
Flavors: r-devel-linux-x86_64-debian-clang, r-devel-linux-x86_64-debian-gcc, r-devel-linux-x86_64-fedora-clang, r-devel-linux-x86_64-fedora-gcc, r-devel-windows-x86_64-new-UL, r-devel-windows-x86_64-new-TK, r-patched-linux-x86_64, r-release-linux-x86_64, r-release-macos-arm64, r-release-macos-x86_64, r-release-windows-ix86+x86_64