CRAN Package Check Results for Package findR

Last updated on 2022-01-21 12:56:09 CET.

Flavor Version Tinstall Tcheck Ttotal Status Flags
r-devel-linux-x86_64-debian-clang 0.2.1 2.42 29.81 32.23 NOTE
r-devel-linux-x86_64-debian-gcc 0.2.1 2.06 23.51 25.57 NOTE
r-devel-linux-x86_64-fedora-clang 0.2.1 40.20 NOTE
r-devel-linux-x86_64-fedora-gcc 0.2.1 29.51 NOTE
r-devel-windows-x86_64-new-UL 0.2.1 24.00 48.00 72.00 NOTE
r-devel-windows-x86_64-new-TK 0.2.1 NOTE
r-patched-linux-x86_64 0.2.1 2.16 29.50 31.66 NOTE
r-release-linux-x86_64 0.2.1 2.18 29.31 31.49 NOTE
r-release-macos-arm64 0.2.1 NOTE
r-release-macos-x86_64 0.2.1 NOTE
r-release-windows-ix86+x86_64 0.2.1 5.00 38.00 43.00 NOTE
r-oldrel-macos-x86_64 0.2.1 OK
r-oldrel-windows-ix86+x86_64 0.2.1 6.00 38.00 44.00 OK

Check Details

Version: 0.2.1
Check: LazyData
Result: NOTE
     'LazyData' is specified without a 'data' directory
Flavors: r-devel-linux-x86_64-debian-clang, r-devel-linux-x86_64-debian-gcc, r-devel-linux-x86_64-fedora-clang, r-devel-linux-x86_64-fedora-gcc, r-devel-windows-x86_64-new-UL, r-devel-windows-x86_64-new-TK, r-patched-linux-x86_64, r-release-linux-x86_64, r-release-macos-arm64, r-release-macos-x86_64, r-release-windows-ix86+x86_64