CRAN Package Check Results for Package fipp

Last updated on 2022-01-25 19:50:31 CET.

Flavor Version Tinstall Tcheck Ttotal Status Flags
r-devel-linux-x86_64-debian-clang 1.0.0 29.70 77.07 106.77 NOTE
r-devel-linux-x86_64-debian-gcc 1.0.0 21.84 57.08 78.92 NOTE
r-devel-linux-x86_64-fedora-clang 1.0.0 136.62 NOTE
r-devel-linux-x86_64-fedora-gcc 1.0.0 120.92 NOTE
r-devel-windows-x86_64-new-UL 1.0.0 43.00 113.00 156.00 NOTE
r-devel-windows-x86_64-new-TK 1.0.0 NOTE
r-patched-linux-x86_64 1.0.0 28.99 73.44 102.43 NOTE
r-release-linux-x86_64 1.0.0 24.36 71.76 96.12 NOTE
r-release-macos-arm64 1.0.0 NOTE
r-release-macos-x86_64 1.0.0 NOTE
r-release-windows-ix86+x86_64 1.0.0 71.00 116.00 187.00 NOTE
r-oldrel-macos-x86_64 1.0.0 OK
r-oldrel-windows-ix86+x86_64 1.0.0 70.00 117.00 187.00 OK

Check Details

Version: 1.0.0
Check: LazyData
Result: NOTE
     'LazyData' is specified without a 'data' directory
Flavors: r-devel-linux-x86_64-debian-clang, r-devel-linux-x86_64-debian-gcc, r-devel-linux-x86_64-fedora-clang, r-devel-linux-x86_64-fedora-gcc, r-devel-windows-x86_64-new-UL, r-devel-windows-x86_64-new-TK, r-patched-linux-x86_64, r-release-linux-x86_64, r-release-macos-arm64, r-release-macos-x86_64, r-release-windows-ix86+x86_64