Last updated on 2023-03-23 00:51:10 CET.
Flavor | Version | Tinstall | Tcheck | Ttotal | Status | Flags |
---|---|---|---|---|---|---|
r-devel-linux-x86_64-debian-clang | 1.2 | 3.42 | 29.52 | 32.94 | OK | |
r-devel-linux-x86_64-debian-gcc | 1.2 | 2.30 | 23.26 | 25.56 | OK | |
r-devel-linux-x86_64-fedora-clang | 1.2 | 41.39 | NOTE | |||
r-devel-linux-x86_64-fedora-gcc | 1.2 | 39.16 | OK | |||
r-patched-linux-x86_64 | 1.2 | 3.36 | 29.13 | 32.49 | OK | |
r-release-linux-x86_64 | 1.2 | 3.25 | 29.74 | 32.99 | OK | |
r-release-macos-arm64 | 1.2 | 17.00 | OK | |||
r-release-macos-x86_64 | 1.2 | 22.00 | OK | |||
r-release-windows-x86_64 | 1.2 | 14.00 | 64.00 | 78.00 | OK | |
r-oldrel-macos-arm64 | 1.2 | 22.00 | OK | |||
r-oldrel-macos-x86_64 | 1.2 | 38.00 | OK | |||
r-oldrel-windows-ix86+x86_64 | 1.2 | 8.00 | 54.00 | 62.00 | OK |
Version: 1.2
Check: Rd cross-references
Result: NOTE
Undeclared package ‘conicfit’ in Rd xrefs
Flavor: r-devel-linux-x86_64-fedora-clang