CRAN Package Check Results for Package fitbitr

Last updated on 2022-10-04 17:52:42 CEST.

Flavor Version Tinstall Tcheck Ttotal Status Flags
r-devel-linux-x86_64-debian-clang 0.2.0 7.15 63.16 70.31 OK
r-devel-linux-x86_64-debian-gcc 0.2.0 5.65 46.52 52.17 OK
r-devel-linux-x86_64-fedora-clang 0.2.0 97.82 NOTE
r-devel-linux-x86_64-fedora-gcc 0.2.0 101.11 NOTE
r-devel-windows-x86_64 0.2.0 22.00 90.00 112.00 OK
r-patched-linux-x86_64 0.2.0 6.58 58.97 65.55 OK
r-release-linux-x86_64 0.2.0 6.26 58.19 64.45 OK
r-release-macos-arm64 0.2.0 23.00 NOTE
r-release-macos-x86_64 0.2.0 52.00 NOTE
r-release-windows-x86_64 0.2.0 25.00 83.00 108.00 OK
r-oldrel-macos-arm64 0.2.0 34.00 NOTE
r-oldrel-macos-x86_64 0.2.0 39.00 NOTE
r-oldrel-windows-ix86+x86_64 0.2.0 18.00 83.00 101.00 OK

Check Details

Version: 0.2.0
Check: dependencies in R code
Result: NOTE
    Namespace in Imports field not imported from: ‘jsonlite’
     All declared Imports should be used.
Flavors: r-devel-linux-x86_64-fedora-clang, r-devel-linux-x86_64-fedora-gcc, r-release-macos-arm64, r-release-macos-x86_64, r-oldrel-macos-arm64, r-oldrel-macos-x86_64