CRAN Package Check Results for Package fivethirtyeight

Last updated on 2019-11-14 00:52:59 CET.

Flavor Version Tinstall Tcheck Ttotal Status Flags
r-devel-linux-x86_64-debian-clang 0.5.0 6.75 56.11 62.86 OK
r-devel-linux-x86_64-debian-gcc 0.5.0 6.72 44.09 50.81 OK
r-devel-linux-x86_64-fedora-clang 0.5.0 77.47 NOTE
r-devel-linux-x86_64-fedora-gcc 0.5.0 78.07 NOTE
r-devel-windows-ix86+x86_64 0.5.0 22.00 123.00 145.00 OK
r-patched-linux-x86_64 0.5.0 7.09 54.09 61.18 OK
r-patched-solaris-x86 0.5.0 107.00 NOTE
r-release-linux-x86_64 0.5.0 7.18 54.29 61.47 OK
r-release-windows-ix86+x86_64 0.5.0 22.00 83.00 105.00 OK
r-release-osx-x86_64 0.5.0 NOTE
r-oldrel-windows-ix86+x86_64 0.5.0 15.00 101.00 116.00 OK
r-oldrel-osx-x86_64 0.5.0 NOTE

Check Details

Version: 0.5.0
Check: data for non-ASCII characters
Result: NOTE
     Note: found 489 marked UTF-8 strings
Flavors: r-devel-linux-x86_64-fedora-clang, r-devel-linux-x86_64-fedora-gcc, r-patched-solaris-x86, r-release-osx-x86_64, r-oldrel-osx-x86_64

Version: 0.5.0
Check: installed package size
Result: NOTE
     installed size is 5.3Mb
     sub-directories of 1Mb or more:
     data 4.0Mb
Flavor: r-patched-solaris-x86