CRAN Package Check Results for Package fivethirtyeight

Last updated on 2019-07-22 07:50:02 CEST.

Flavor Version Tinstall Tcheck Ttotal Status Flags
r-devel-linux-x86_64-debian-clang 0.4.0 9.43 57.90 67.33 OK
r-devel-linux-x86_64-debian-gcc 0.4.0 8.87 46.01 54.88 OK
r-devel-linux-x86_64-fedora-clang 0.4.0 80.68 NOTE
r-devel-linux-x86_64-fedora-gcc 0.4.0 78.74 NOTE
r-devel-windows-ix86+x86_64 0.4.0 17.00 123.00 140.00 NOTE
r-patched-linux-x86_64 0.4.0 9.21 55.50 64.71 OK
r-patched-solaris-x86 0.4.0 124.40 NOTE
r-release-linux-x86_64 0.4.0 9.17 56.43 65.60 OK
r-release-windows-ix86+x86_64 0.4.0 16.00 80.00 96.00 NOTE
r-release-osx-x86_64 0.4.0 NOTE
r-oldrel-windows-ix86+x86_64 0.4.0 21.00 101.00 122.00 NOTE
r-oldrel-osx-x86_64 0.4.0 NOTE

Check Details

Version: 0.4.0
Check: installed package size
Result: NOTE
     installed size is 6.3Mb
     sub-directories of 1Mb or more:
     data 5.3Mb
Flavors: r-devel-linux-x86_64-fedora-clang, r-devel-windows-ix86+x86_64, r-patched-solaris-x86, r-release-windows-ix86+x86_64, r-release-osx-x86_64, r-oldrel-windows-ix86+x86_64, r-oldrel-osx-x86_64

Version: 0.4.0
Check: data for non-ASCII characters
Result: NOTE
     Note: found 1616 marked UTF-8 strings
Flavors: r-devel-linux-x86_64-fedora-clang, r-devel-linux-x86_64-fedora-gcc, r-patched-solaris-x86, r-release-osx-x86_64, r-oldrel-osx-x86_64