Last updated on 2023-06-10 15:56:21 CEST.
Flavor | Version | Tinstall | Tcheck | Ttotal | Status | Flags |
---|---|---|---|---|---|---|
r-devel-linux-x86_64-debian-clang | 0.11.1 | 142.64 | 359.65 | 502.29 | NOTE | |
r-devel-linux-x86_64-debian-gcc | 0.11.1 | 110.16 | 305.46 | 415.62 | NOTE | |
r-devel-linux-x86_64-fedora-clang | 0.11.1 | 651.32 | NOTE | |||
r-devel-linux-x86_64-fedora-gcc | 0.11.1 | 637.05 | NOTE | |||
r-devel-windows-x86_64 | 0.11.1 | 104.00 | 266.00 | 370.00 | NOTE | |
r-patched-linux-x86_64 | 0.11.1 | 122.52 | 338.93 | 461.45 | NOTE | |
r-release-linux-x86_64 | 0.11.1 | 111.66 | 339.83 | 451.49 | NOTE | |
r-release-macos-arm64 | 0.11.1 | 160.00 | NOTE | |||
r-release-macos-x86_64 | 0.11.1 | 276.00 | NOTE | |||
r-release-windows-x86_64 | 0.11.1 | 138.00 | 327.00 | 465.00 | NOTE | |
r-oldrel-macos-arm64 | 0.11.1 | 153.00 | NOTE | |||
r-oldrel-macos-x86_64 | 0.11.1 | 182.00 | NOTE | |||
r-oldrel-windows-x86_64 | 0.11.1 | 132.00 | 295.00 | 427.00 | NOTE |
Version: 0.11.1
Check: C++ specification
Result: NOTE
Specified C++11: please drop specification unless essential
Flavors: r-devel-linux-x86_64-debian-clang, r-devel-linux-x86_64-debian-gcc, r-devel-linux-x86_64-fedora-clang, r-devel-linux-x86_64-fedora-gcc, r-devel-windows-x86_64, r-patched-linux-x86_64, r-release-linux-x86_64, r-release-macos-arm64, r-release-macos-x86_64, r-release-windows-x86_64
Version: 0.11.1
Check: installed package size
Result: NOTE
installed size is 6.8Mb
sub-directories of 1Mb or more:
R 1.4Mb
doc 3.6Mb
Flavors: r-devel-linux-x86_64-fedora-clang, r-devel-windows-x86_64, r-release-macos-arm64, r-release-macos-x86_64, r-release-windows-x86_64, r-oldrel-macos-arm64, r-oldrel-macos-x86_64, r-oldrel-windows-x86_64