CRAN Package Check Results for Package flametree

Last updated on 2021-08-02 10:52:18 CEST.

Flavor Version Tinstall Tcheck Ttotal Status Flags
r-devel-linux-x86_64-debian-clang 0.1.2 2.90 40.75 43.65 OK
r-devel-linux-x86_64-debian-gcc 0.1.2 2.05 30.67 32.72 OK
r-devel-linux-x86_64-fedora-clang 0.1.2 60.05 NOTE
r-devel-linux-x86_64-fedora-gcc 0.1.2 50.48 NOTE
r-devel-windows-x86_64 0.1.2 4.00 56.00 60.00 OK
r-devel-windows-x86_64-gcc10-UCRT 0.1.2 NOTE
r-patched-linux-x86_64 0.1.2 OK
r-patched-solaris-x86 0.1.2 66.30 NOTE
r-release-linux-x86_64 0.1.2 2.39 37.89 40.28 OK
r-release-macos-arm64 0.1.2 NOTE
r-release-macos-x86_64 0.1.2 NOTE
r-release-windows-ix86+x86_64 0.1.2 6.00 41.00 47.00 OK
r-oldrel-macos-x86_64 0.1.2 NOTE
r-oldrel-windows-ix86+x86_64 0.1.2 5.00 57.00 62.00 OK

Check Details

Version: 0.1.2
Check: dependencies in R code
Result: NOTE
    Namespace in Imports field not imported from: ‘paletteer’
     All declared Imports should be used.
Flavors: r-devel-linux-x86_64-fedora-clang, r-devel-linux-x86_64-fedora-gcc, r-devel-windows-x86_64-gcc10-UCRT, r-patched-solaris-x86, r-release-macos-arm64, r-release-macos-x86_64, r-oldrel-macos-x86_64