CRAN Package Check Results for Package flexdashboard

Last updated on 2024-05-18 14:50:56 CEST.

Flavor Version Tinstall Tcheck Ttotal Status Flags
r-devel-linux-x86_64-debian-clang 0.6.2 3.73 41.26 44.99 NOTE
r-devel-linux-x86_64-debian-gcc 0.6.2 3.45 32.05 35.50 NOTE
r-devel-linux-x86_64-fedora-clang 0.6.2 57.55 NOTE
r-devel-linux-x86_64-fedora-gcc 0.6.2 77.94 NOTE
r-devel-windows-x86_64 0.6.2 6.00 60.00 66.00 NOTE
r-patched-linux-x86_64 0.6.2 4.06 40.28 44.34 NOTE
r-release-linux-x86_64 0.6.2 4.69 40.64 45.33 NOTE
r-release-macos-arm64 0.6.2 23.00 NOTE
r-release-windows-x86_64 0.6.2 7.00 59.00 66.00 NOTE
r-oldrel-macos-arm64 0.6.2 21.00 OK
r-oldrel-macos-x86_64 0.6.2 31.00 OK
r-oldrel-windows-x86_64 0.6.2 7.00 63.00 70.00 OK

Check Details

Version: 0.6.2
Check: Rd files
Result: NOTE checkRd: (-1) flex_dashboard.Rd:96: Lost braces; missing escapes or markup? 96 | the `{.storyboard}` attribute to individual pages rather than using the | ^ Flavors: r-devel-linux-x86_64-debian-clang, r-devel-linux-x86_64-debian-gcc, r-devel-linux-x86_64-fedora-clang, r-devel-linux-x86_64-fedora-gcc, r-devel-windows-x86_64, r-patched-linux-x86_64, r-release-linux-x86_64, r-release-macos-arm64, r-release-windows-x86_64