CRAN Package Check Results for Package flexdashboard

Last updated on 2023-12-10 22:55:57 CET.

Flavor Version Tinstall Tcheck Ttotal Status Flags
r-devel-linux-x86_64-debian-clang 0.6.2 4.75 41.53 46.28 NOTE
r-devel-linux-x86_64-debian-gcc 0.6.2 3.61 32.01 35.62 NOTE
r-devel-linux-x86_64-fedora-clang 0.6.2 58.11 OK
r-devel-linux-x86_64-fedora-gcc 0.6.2 56.29 OK
r-devel-windows-x86_64 0.6.2 6.00 59.00 65.00 OK
r-patched-linux-x86_64 0.6.2 3.47 40.01 43.48 OK
r-release-linux-x86_64 0.6.2 3.37 40.43 43.80 OK
r-release-macos-arm64 0.6.2 21.00 OK
r-release-macos-x86_64 0.6.2 31.00 OK
r-release-windows-x86_64 0.6.2 8.00 61.00 69.00 OK
r-oldrel-macos-arm64 0.6.2 35.00 OK
r-oldrel-macos-x86_64 0.6.2 42.00 OK
r-oldrel-windows-x86_64 0.6.2 6.00 65.00 71.00 OK

Check Details

Version: 0.6.2
Check: Rd files
Result: NOTE checkRd: (-1) flex_dashboard.Rd:96: Lost braces; missing escapes or markup? 96 | the `{.storyboard}` attribute to individual pages rather than using the | ^ Flavors: r-devel-linux-x86_64-debian-clang, r-devel-linux-x86_64-debian-gcc