CRAN Package Check Results for Package flexrsurv

Last updated on 2022-08-15 14:52:28 CEST.

Flavor Version Tinstall Tcheck Ttotal Status Flags
r-devel-linux-x86_64-debian-clang 2.0.8 57.46 251.09 308.55 ERROR
r-devel-linux-x86_64-debian-gcc 2.0.8 46.14 187.56 233.70 OK
r-devel-linux-x86_64-fedora-clang 2.0.8 381.68 OK
r-devel-linux-x86_64-fedora-gcc 2.0.8 409.63 OK
r-devel-windows-x86_64 2.0.8 205.00 233.00 438.00 OK
r-patched-linux-x86_64 2.0.8 54.88 237.00 291.88 OK
r-release-linux-x86_64 2.0.8 48.40 238.00 286.40 OK
r-release-macos-arm64 2.0.8 87.00 OK
r-release-macos-x86_64 2.0.8 120.00 OK
r-release-windows-x86_64 2.0.8 259.00 242.00 501.00 OK
r-oldrel-macos-arm64 2.0.8 76.00 OK
r-oldrel-macos-x86_64 2.0.8 110.00 OK
r-oldrel-windows-ix86+x86_64 2.0.8 110.00 286.00 396.00 OK

Additional issues

noSuggests

Check Details

Version: 2.0.8
Check: package dependencies
Result: NOTE
    Package suggested but not available for checking: 'relsurv'
Flavor: r-devel-linux-x86_64-debian-clang

Version: 2.0.8
Check: examples
Result: ERROR
    Running examples in 'flexrsurv-Ex.R' failed
    The error most likely occurred in:
    
    > base::assign(".ptime", proc.time(), pos = "CheckExEnv")
    > ### Name: getBrassHazardFromTable
    > ### Title: Compute expected hazards with respect to a corrected reference
    > ### life table
    > ### Aliases: getBrassHazardFromTable getBrassPseudoHazardFromTable
    > ### Keywords: survival
    >
    > ### ** Examples
    >
    > require(date)
    Loading required package: date
    > # data from package relsurv
    > data(rdata, package="relsurv")
    Error in find.package(package, lib.loc, verbose = verbose) :
     there is no package called 'relsurv'
    Calls: data -> find.package
    Execution halted
Flavor: r-devel-linux-x86_64-debian-clang