CRAN Package Check Results for Package flock

Last updated on 2022-09-28 13:51:51 CEST.

Flavor Version Tinstall Tcheck Ttotal Status Flags
r-devel-linux-x86_64-debian-clang 0.7 16.12 27.97 44.09 OK
r-devel-linux-x86_64-debian-gcc 0.7 12.11 22.01 34.12 OK
r-devel-linux-x86_64-fedora-clang 0.7 75.28 NOTE
r-devel-linux-x86_64-fedora-gcc 0.7 72.01 NOTE
r-devel-windows-x86_64 0.7 21.00 70.00 91.00 OK
r-patched-linux-x86_64 0.7 16.47 26.71 43.18 OK
r-release-linux-x86_64 0.7 12.84 26.93 39.77 OK
r-release-macos-arm64 0.7 21.00 OK
r-release-macos-x86_64 0.7 34.00 OK
r-release-windows-x86_64 0.7 22.00 74.00 96.00 OK
r-oldrel-macos-arm64 0.7 28.00 OK
r-oldrel-macos-x86_64 0.7 40.00 OK
r-oldrel-windows-ix86+x86_64 0.7 48.00 81.00 129.00 OK

Check Details

Version: 0.7
Check: compiled code
Result: NOTE
    File ‘flock/libs/flock.so’:
     Found no calls to: ‘R_registerRoutines’, ‘R_useDynamicSymbols’
    
    It is good practice to register native routines and to disable symbol
    search.
    
    See ‘Writing portable packages’ in the ‘Writing R Extensions’ manual.
Flavors: r-devel-linux-x86_64-fedora-clang, r-devel-linux-x86_64-fedora-gcc