CRAN Package Check Results for Package flow

Last updated on 2024-02-28 02:58:05 CET.

Flavor Version Tinstall Tcheck Ttotal Status Flags
r-devel-linux-x86_64-debian-clang 0.2.0 7.29 96.48 103.77 NOTE
r-devel-linux-x86_64-debian-gcc 0.2.0 5.61 72.31 77.92 NOTE
r-devel-linux-x86_64-fedora-clang 0.2.0 127.25 NOTE
r-devel-linux-x86_64-fedora-gcc 0.2.0 133.54 NOTE
r-devel-windows-x86_64 0.2.0 7.00 101.00 108.00 OK
r-patched-linux-x86_64 0.2.0 4.75 93.98 98.73 OK
r-release-linux-x86_64 0.2.0 4.41 92.65 97.06 OK
r-release-macos-arm64 0.2.0 57.00 OK
r-release-macos-x86_64 0.2.0 106.00 OK
r-release-windows-x86_64 0.2.0 10.00 113.00 123.00 OK
r-oldrel-macos-arm64 0.2.0 49.00 OK
r-oldrel-windows-x86_64 0.2.0 9.00 120.00 129.00 OK

Check Details

Version: 0.2.0
Check: Rd files
Result: NOTE checkRd: (-1) flow_embed.Rd:30: Lost braces; missing escapes or markup? 30 | \item Don't forget to add {flow} to Suggests in your DESCRIPTION file. | ^ Flavors: r-devel-linux-x86_64-debian-clang, r-devel-linux-x86_64-debian-gcc, r-devel-linux-x86_64-fedora-clang, r-devel-linux-x86_64-fedora-gcc