CRAN Package Check Results for Package fma

Last updated on 2022-08-09 01:54:49 CEST.

Flavor Version Tinstall Tcheck Ttotal Status Flags
r-devel-linux-x86_64-debian-clang 2.4 8.34 95.80 104.14 OK
r-devel-linux-x86_64-debian-gcc 2.4 6.37 69.91 76.28 OK
r-devel-linux-x86_64-fedora-clang 2.4 135.82 OK
r-devel-linux-x86_64-fedora-gcc 2.4 125.56 OK
r-devel-windows-x86_64 2.4 43.00 134.00 177.00 OK
r-patched-linux-x86_64 2.4 6.94 87.97 94.91 OK
r-release-linux-x86_64 2.4 OK
r-release-macos-arm64 2.4 39.00 OK
r-release-macos-x86_64 2.4 76.00 OK
r-release-windows-x86_64 2.4 44.00 133.00 177.00 OK
r-oldrel-macos-arm64 2.4 52.00 OK
r-oldrel-macos-x86_64 2.4 72.00 OK
r-oldrel-windows-ix86+x86_64 2.4 3.00 11.00 14.00 ERROR

Check Details

Version: 2.4
Check: whether package can be installed
Result: ERROR
    Installation failed.
Flavor: r-oldrel-windows-ix86+x86_64