CRAN Package Check Results for Package fmbasics

Last updated on 2022-01-25 22:56:57 CET.

Flavor Version Tinstall Tcheck Ttotal Status Flags
r-devel-linux-x86_64-debian-clang 0.3.0 6.14 69.55 75.69 NOTE
r-devel-linux-x86_64-debian-gcc 0.3.0 5.48 52.57 58.05 NOTE
r-devel-linux-x86_64-fedora-clang 0.3.0 88.95 NOTE
r-devel-linux-x86_64-fedora-gcc 0.3.0 78.77 NOTE
r-devel-windows-x86_64-new-UL 0.3.0 107.00 100.00 207.00 NOTE
r-devel-windows-x86_64-new-TK 0.3.0 NOTE
r-patched-linux-x86_64 0.3.0 10.28 65.33 75.61 NOTE
r-release-linux-x86_64 0.3.0 6.21 65.18 71.39 NOTE
r-release-macos-arm64 0.3.0 NOTE
r-release-macos-x86_64 0.3.0 NOTE
r-release-windows-ix86+x86_64 0.3.0 14.00 83.00 97.00 NOTE
r-oldrel-macos-x86_64 0.3.0 OK
r-oldrel-windows-ix86+x86_64 0.3.0 14.00 84.00 98.00 OK

Check Details

Version: 0.3.0
Check: LazyData
Result: NOTE
     'LazyData' is specified without a 'data' directory
Flavors: r-devel-linux-x86_64-debian-clang, r-devel-linux-x86_64-debian-gcc, r-devel-linux-x86_64-fedora-clang, r-devel-linux-x86_64-fedora-gcc, r-devel-windows-x86_64-new-UL, r-devel-windows-x86_64-new-TK, r-patched-linux-x86_64, r-release-linux-x86_64, r-release-macos-arm64, r-release-macos-x86_64, r-release-windows-ix86+x86_64