CRAN Package Check Results for Package folio

Last updated on 2022-01-16 22:51:13 CET.

Flavor Version Tinstall Tcheck Ttotal Status Flags
r-devel-linux-x86_64-debian-clang 1.0.0 2.01 29.25 31.26 OK
r-devel-linux-x86_64-debian-gcc 1.0.0 1.87 23.32 25.19 OK
r-devel-linux-x86_64-fedora-clang 1.0.0 39.65 NOTE
r-devel-linux-x86_64-fedora-gcc 1.0.0 29.36 NOTE
r-devel-windows-x86_64-new-UL 1.0.0 24.00 48.00 72.00 OK
r-devel-windows-x86_64-new-TK 1.0.0 NOTE
r-patched-linux-x86_64 1.0.0 2.11 28.63 30.74 OK
r-release-linux-x86_64 1.0.0 OK
r-release-macos-arm64 1.0.0 NOTE
r-release-macos-x86_64 1.0.0 NOTE
r-release-windows-ix86+x86_64 1.0.0 6.00 27.00 33.00 OK
r-oldrel-macos-x86_64 1.0.0 NOTE
r-oldrel-windows-ix86+x86_64 1.0.0 5.00 35.00 40.00 OK

Check Details

Version: 1.0.0
Check: data for non-ASCII characters
Result: NOTE
     Note: found 41 marked UTF-8 strings
Flavors: r-devel-linux-x86_64-fedora-clang, r-devel-linux-x86_64-fedora-gcc, r-devel-windows-x86_64-new-TK, r-release-macos-arm64, r-release-macos-x86_64, r-oldrel-macos-x86_64