CRAN Package Check Results for Package fontHind

Last updated on 2020-07-09 21:48:28 CEST.

Flavor Version Tinstall Tcheck Ttotal Status Flags
r-devel-linux-x86_64-debian-clang 0.1.1 4.38 41.45 45.83 OK
r-devel-linux-x86_64-debian-gcc 0.1.1 3.78 32.51 36.29 OK
r-devel-linux-x86_64-fedora-clang 0.1.1 64.04 NOTE
r-devel-linux-x86_64-fedora-gcc 0.1.1 54.48 NOTE
r-devel-windows-ix86+x86_64 0.1.1 13.00 63.00 76.00 OK
r-patched-linux-x86_64 0.1.1 5.34 40.08 45.42 OK
r-patched-solaris-x86 0.1.1 83.20 NOTE
r-release-linux-x86_64 0.1.1 4.66 40.90 45.56 OK
r-release-osx-x86_64 0.1.1 WARN
r-release-windows-ix86+x86_64 0.1.1 14.00 55.00 69.00 OK
r-oldrel-osx-x86_64 0.1.1 WARN
r-oldrel-windows-ix86+x86_64 0.1.1 16.00 52.00 68.00 OK

Check Details

Version: 0.1.1
Check: dependencies in R code
Result: NOTE
    Namespace in Imports field not imported from: ‘ggplot2’
     All declared Imports should be used.
Flavors: r-devel-linux-x86_64-fedora-clang, r-devel-linux-x86_64-fedora-gcc, r-patched-solaris-x86, r-release-osx-x86_64, r-oldrel-osx-x86_64

Version: 0.1.1
Check: re-building of vignette outputs
Result: WARN
    Error(s) in re-building vignettes:
     ...
    --- re-building ‘Using_fontHind.Rmd’ using rmarkdown
    Quitting from lines 38-49 (Using_fontHind.Rmd)
    Error: processing vignette 'Using_fontHind.Rmd' failed with diagnostics:
    polygon edge not found
    --- failed re-building ‘Using_fontHind.Rmd’
    
    SUMMARY: processing the following file failed:
     ‘Using_fontHind.Rmd’
    
    Error: Vignette re-building failed.
    Execution halted
Flavor: r-release-osx-x86_64

Version: 0.1.1
Check: re-building of vignette outputs
Result: WARN
    Error(s) in re-building vignettes:
     ...
    --- re-building ‘Using_fontHind.Rmd’ using rmarkdown
    Warning in engine$weave(file, quiet = quiet, encoding = enc) :
     Pandoc (>= 1.12.3) and/or pandoc-citeproc not available. Falling back to R Markdown v1.
    Quitting from lines 38-49 (Using_fontHind.Rmd)
    Error: processing vignette 'Using_fontHind.Rmd' failed with diagnostics:
    polygon edge not found
    --- failed re-building ‘Using_fontHind.Rmd’
    
    SUMMARY: processing the following file failed:
     ‘Using_fontHind.Rmd’
    
    Error: Vignette re-building failed.
    Execution halted
Flavor: r-oldrel-osx-x86_64