CRAN Package Check Results for Package fontquiver

Last updated on 2022-01-23 00:57:12 CET.

Flavor Version Tinstall Tcheck Ttotal Status Flags
r-devel-linux-x86_64-debian-clang 0.2.1 1.67 32.43 34.10 NOTE
r-devel-linux-x86_64-debian-gcc 0.2.1 1.79 25.17 26.96 NOTE
r-devel-linux-x86_64-fedora-clang 0.2.1 43.37 NOTE
r-devel-linux-x86_64-fedora-gcc 0.2.1 31.94 NOTE
r-devel-windows-x86_64-new-UL 0.2.1 43.00 55.00 98.00 NOTE
r-devel-windows-x86_64-new-TK 0.2.1 NOTE
r-patched-linux-x86_64 0.2.1 2.34 31.51 33.85 NOTE
r-release-linux-x86_64 0.2.1 2.70 31.47 34.17 NOTE
r-release-macos-arm64 0.2.1 NOTE
r-release-macos-x86_64 0.2.1 NOTE
r-release-windows-ix86+x86_64 0.2.1 6.00 40.00 46.00 NOTE
r-oldrel-macos-x86_64 0.2.1 OK
r-oldrel-windows-ix86+x86_64 0.2.1 6.00 40.00 46.00 OK

Check Details

Version: 0.2.1
Check: LazyData
Result: NOTE
     'LazyData' is specified without a 'data' directory
Flavors: r-devel-linux-x86_64-debian-clang, r-devel-linux-x86_64-debian-gcc, r-devel-linux-x86_64-fedora-clang, r-devel-linux-x86_64-fedora-gcc, r-devel-windows-x86_64-new-UL, r-devel-windows-x86_64-new-TK, r-patched-linux-x86_64, r-release-linux-x86_64, r-release-macos-arm64, r-release-macos-x86_64, r-release-windows-ix86+x86_64